Last updated on 2025-11-14 11:50:42 CET.
| Flavor | Version | Tinstall | Tcheck | Ttotal | Status | Flags |
|---|---|---|---|---|---|---|
| r-devel-linux-x86_64-debian-clang | 0.1.1 | 8.37 | 121.31 | 129.68 | NOTE | |
| r-devel-linux-x86_64-debian-gcc | 0.1.1 | 6.11 | 86.16 | 92.27 | NOTE | |
| r-devel-linux-x86_64-fedora-clang | 0.1.1 | 25.00 | 185.92 | 210.92 | OK | |
| r-devel-linux-x86_64-fedora-gcc | 0.1.1 | 32.00 | 188.31 | 220.31 | OK | |
| r-devel-windows-x86_64 | 0.1.1 | 12.00 | 137.00 | 149.00 | NOTE | |
| r-patched-linux-x86_64 | 0.1.1 | 8.05 | 114.80 | 122.85 | OK | |
| r-release-linux-x86_64 | 0.1.1 | 7.64 | 113.65 | 121.29 | OK | |
| r-release-macos-arm64 | 0.1.1 | 4.00 | 46.00 | 50.00 | OK | |
| r-release-macos-x86_64 | 0.1.1 | 7.00 | 85.00 | 92.00 | OK | |
| r-release-windows-x86_64 | 0.1.1 | 11.00 | 139.00 | 150.00 | OK | |
| r-oldrel-macos-arm64 | 0.1.1 | 4.00 | 45.00 | 49.00 | OK | |
| r-oldrel-macos-x86_64 | 0.1.1 | 6.00 | 70.00 | 76.00 | OK | |
| r-oldrel-windows-x86_64 | 0.1.1 | 14.00 | 171.00 | 185.00 | OK |
Version: 0.1.1
Check: CRAN incoming feasibility
Result: NOTE
Maintainer: ‘Philip Stubbings <phil@parasec.net>’
No Authors@R field in DESCRIPTION.
Please add one, modifying
Authors@R: person(given = "Philip",
family = "Stubbings",
role = c("aut", "cre"),
email = "phil@parasec.net")
as necessary.
Flavors: r-devel-linux-x86_64-debian-clang, r-devel-linux-x86_64-debian-gcc
Version: 0.1.1
Check: Rd files
Result: NOTE
checkRd: (-1) orderBook.Rd:54-66: Only 7 columns allowed in this table (row 1 has 5)
checkRd: (-1) orderBook.Rd:54-66: Only 7 columns allowed in this table (row 2 has 5)
checkRd: (-1) orderBook.Rd:54-66: Only 7 columns allowed in this table (row 3 has 5)
checkRd: (-1) orderBook.Rd:54-66: Only 7 columns allowed in this table (row 4 has 5)
checkRd: (-1) orderBook.Rd:54-66: Only 7 columns allowed in this table (row 5 has 5)
checkRd: (-1) orderBook.Rd:54-66: Only 7 columns allowed in this table (row 6 has 5)
checkRd: (-1) orderBook.Rd:54-66: Only 7 columns allowed in this table (row 7 has 5)
checkRd: (-1) orderBook.Rd:54-66: Only 7 columns allowed in this table (row 8 has 5)
checkRd: (-1) orderBook.Rd:54-66: Only 7 columns allowed in this table (row 9 has 5)
checkRd: (-1) orderBook.Rd:54-66: Only 7 columns allowed in this table (row 10 has 5)
checkRd: (-1) orderBook.Rd:54-66: Only 7 columns allowed in this table (row 11 has 5)
checkRd: (-1) orderBook.Rd:54-66: Only 7 columns allowed in this table (row 12 has 5)
Flavors: r-devel-linux-x86_64-debian-clang, r-devel-linux-x86_64-debian-gcc, r-devel-windows-x86_64