Last updated on 2024-04-23 10:54:10 CEST.
Flavor | Version | Tinstall | Tcheck | Ttotal | Status | Flags |
---|---|---|---|---|---|---|
r-devel-linux-x86_64-debian-clang | 0.4.0 | 9.29 | 63.43 | 72.72 | OK | |
r-devel-linux-x86_64-debian-gcc | 0.4.0 | 8.56 | 50.38 | 58.94 | OK | |
r-devel-linux-x86_64-fedora-clang | 0.4.0 | 99.64 | NOTE | |||
r-devel-linux-x86_64-fedora-gcc | 0.4.0 | 107.83 | NOTE | |||
r-prerel-macos-arm64 | 0.4.0 | 37.00 | OK | |||
r-prerel-windows-x86_64 | 0.4.0 | 10.00 | 74.00 | 84.00 | OK | |
r-patched-linux-x86_64 | 0.4.0 | 11.22 | 64.36 | 75.58 | OK | |
r-release-linux-x86_64 | 0.4.0 | 10.59 | 64.42 | 75.01 | OK | |
r-release-macos-arm64 | 0.4.0 | 41.00 | NOTE | |||
r-release-macos-x86_64 | 0.4.0 | 58.00 | OK | |||
r-release-windows-x86_64 | 0.4.0 | 11.00 | 80.00 | 91.00 | OK | |
r-oldrel-macos-arm64 | 0.4.0 | 40.00 | NOTE | |||
r-oldrel-windows-x86_64 | 0.4.0 | 14.00 | 87.00 | 101.00 | OK |
Version: 0.4.0
Check: data for non-ASCII characters
Result: NOTE
Note: found 6409 marked UTF-8 strings
Flavors: r-devel-linux-x86_64-fedora-clang, r-devel-linux-x86_64-fedora-gcc
Version: 0.4.0
Check: installed package size
Result: NOTE
installed size is 5.3Mb
sub-directories of 1Mb or more:
data 5.0Mb
Flavors: r-release-macos-arm64, r-oldrel-macos-arm64