CRAN Package Check Results for Package nycflights23

Last updated on 2025-04-16 12:49:38 CEST.

Flavor Version Tinstall Tcheck Ttotal Status Flags
r-devel-linux-x86_64-debian-clang 0.1.0 20.52 32.98 53.50 OK
r-devel-linux-x86_64-debian-gcc 0.1.0 15.20 27.79 42.99 OK
r-devel-linux-x86_64-fedora-clang 0.1.0 82.96 OK
r-devel-linux-x86_64-fedora-gcc 0.1.0 89.10 OK
r-devel-windows-x86_64 0.1.0 17.00 47.00 64.00 OK
r-patched-linux-x86_64 0.1.0 21.04 31.57 52.61 OK
r-release-linux-x86_64 0.1.0 19.56 32.43 51.99 OK
r-release-macos-arm64 0.1.0 36.00 OK
r-release-macos-x86_64 0.1.0 96.00 OK
r-release-windows-x86_64 0.1.0 18.00 48.00 66.00 OK
r-oldrel-macos-arm64 0.1.0 35.00 NOTE
r-oldrel-macos-x86_64 0.1.0 54.00 NOTE
r-oldrel-windows-x86_64 0.1.0 18.00 63.00 81.00 NOTE

Check Details

Version: 0.1.0
Check: installed package size
Result: NOTE installed size is 6.5Mb sub-directories of 1Mb or more: data 6.4Mb Flavors: r-oldrel-macos-arm64, r-oldrel-macos-x86_64, r-oldrel-windows-x86_64