Last updated on 2024-08-16 12:49:15 CEST.
Flavor | Version | Tinstall | Tcheck | Ttotal | Status | Flags |
---|---|---|---|---|---|---|
r-devel-linux-x86_64-debian-clang | 0.1.0 | 20.02 | 31.31 | 51.33 | OK | |
r-devel-linux-x86_64-debian-gcc | 0.1.0 | 15.74 | 23.26 | 39.00 | OK | |
r-devel-linux-x86_64-fedora-clang | 0.1.0 | 80.45 | NOTE | |||
r-devel-linux-x86_64-fedora-gcc | 0.1.0 | 77.66 | NOTE | |||
r-devel-windows-x86_64 | 0.1.0 | 18.00 | 48.00 | 66.00 | NOTE | |
r-patched-linux-x86_64 | 0.1.0 | 21.70 | 30.79 | 52.49 | OK | |
r-release-linux-x86_64 | 0.1.0 | 20.70 | 31.70 | 52.40 | OK | |
r-release-macos-arm64 | 0.1.0 | 35.00 | NOTE | |||
r-release-macos-x86_64 | 0.1.0 | 54.00 | NOTE | |||
r-release-windows-x86_64 | 0.1.0 | 17.00 | 48.00 | 65.00 | NOTE | |
r-oldrel-macos-arm64 | 0.1.0 | 46.00 | NOTE | |||
r-oldrel-macos-x86_64 | 0.1.0 | 95.00 | NOTE | |||
r-oldrel-windows-x86_64 | 0.1.0 | 19.00 | 59.00 | 78.00 | NOTE |
Version: 0.1.0
Check: installed package size
Result: NOTE
installed size is 5.6Mb
sub-directories of 1Mb or more:
data 5.5Mb
Flavors: r-devel-linux-x86_64-fedora-clang, r-devel-windows-x86_64, r-release-macos-arm64, r-release-macos-x86_64, r-release-windows-x86_64, r-oldrel-macos-arm64, r-oldrel-macos-x86_64, r-oldrel-windows-x86_64
Version: 0.1.0
Check: data for non-ASCII characters
Result: NOTE
Note: found 5 marked UTF-8 strings
Flavors: r-devel-linux-x86_64-fedora-clang, r-devel-linux-x86_64-fedora-gcc