Last updated on 2024-03-29 09:55:30 CET.
Flavor | Version | Tinstall | Tcheck | Ttotal | Status | Flags |
---|---|---|---|---|---|---|
r-devel-linux-x86_64-debian-clang | 1.0.11 | 12.30 | 102.27 | 114.57 | NOTE | |
r-devel-linux-x86_64-debian-gcc | 1.0.11 | 8.50 | 75.43 | 83.93 | NOTE | |
r-devel-linux-x86_64-fedora-clang | 1.0.11 | 148.40 | NOTE | |||
r-devel-linux-x86_64-fedora-gcc | 1.0.11 | 149.22 | NOTE | |||
r-devel-windows-x86_64 | 1.0.11 | 10.00 | 88.00 | 98.00 | NOTE | |
r-patched-linux-x86_64 | 1.0.11 | 7.27 | 96.65 | 103.92 | NOTE | |
r-release-linux-x86_64 | 1.0.11 | 6.98 | 96.37 | 103.35 | NOTE | |
r-release-macos-arm64 | 1.0.11 | 71.00 | NOTE | |||
r-release-macos-x86_64 | 1.0.11 | 87.00 | NOTE | |||
r-release-windows-x86_64 | 1.0.11 | 13.00 | 103.00 | 116.00 | NOTE | |
r-oldrel-macos-arm64 | 1.0.11 | 44.00 | OK | |||
r-oldrel-windows-x86_64 | 1.0.11 | 14.00 | 105.00 | 119.00 | OK |
Version: 1.0.11
Check: package subdirectories
Result: NOTE
Problems with news in ‘NEWS.md’:
No news entries found.
Flavors: r-devel-linux-x86_64-debian-clang, r-devel-linux-x86_64-debian-gcc, r-devel-linux-x86_64-fedora-clang, r-devel-linux-x86_64-fedora-gcc, r-devel-windows-x86_64, r-patched-linux-x86_64, r-release-linux-x86_64, r-release-macos-arm64, r-release-macos-x86_64, r-release-windows-x86_64