CRAN Package Check Results for Package nsrr

Last updated on 2022-06-24 11:52:14 CEST.

Flavor Version Tinstall Tcheck Ttotal Status Flags
r-devel-linux-x86_64-debian-clang 0.2.0 2.20 40.09 42.29 NOTE
r-devel-linux-x86_64-debian-gcc 0.2.0 1.67 31.57 33.24 NOTE
r-devel-linux-x86_64-fedora-clang 0.2.0 61.15 NOTE
r-devel-linux-x86_64-fedora-gcc 0.2.0 60.15 NOTE
r-devel-windows-x86_64 0.2.0 14.00 101.00 115.00 NOTE
r-patched-linux-x86_64 0.2.0 5.74 38.92 44.66 NOTE
r-release-linux-x86_64 0.2.0 2.43 39.86 42.29 NOTE
r-release-macos-arm64 0.2.0 78.00 NOTE
r-release-macos-x86_64 0.2.0 87.00 NOTE
r-release-windows-x86_64 0.2.0 13.00 102.00 115.00 NOTE
r-oldrel-macos-arm64 0.2.0 78.00 NOTE
r-oldrel-macos-x86_64 0.2.0 79.00 NOTE
r-oldrel-windows-ix86+x86_64 0.2.0 7.00 90.00 97.00 NOTE

Check Details

Version: 0.2.0
Check: LazyData
Result: NOTE
     'LazyData' is specified without a 'data' directory
Flavors: r-devel-linux-x86_64-debian-clang, r-devel-linux-x86_64-debian-gcc, r-devel-linux-x86_64-fedora-clang, r-devel-linux-x86_64-fedora-gcc, r-devel-windows-x86_64, r-patched-linux-x86_64, r-release-linux-x86_64, r-release-macos-arm64, r-release-macos-x86_64, r-release-windows-x86_64, r-oldrel-macos-arm64, r-oldrel-macos-x86_64, r-oldrel-windows-ix86+x86_64