CRAN Package Check Results for Package nsapi

Last updated on 2022-06-30 11:53:14 CEST.

Flavor Version Tinstall Tcheck Ttotal Status Flags
r-devel-linux-x86_64-debian-clang 0.1.1 2.15 27.66 29.81 NOTE
r-devel-linux-x86_64-debian-gcc 0.1.1 2.00 21.43 23.43 NOTE
r-devel-linux-x86_64-fedora-clang 0.1.1 46.38 NOTE
r-devel-linux-x86_64-fedora-gcc 0.1.1 46.57 NOTE
r-devel-windows-x86_64 0.1.1 14.00 57.00 71.00 NOTE
r-patched-linux-x86_64 0.1.1 1.98 26.80 28.78 NOTE
r-release-linux-x86_64 0.1.1 2.50 26.81 29.31 NOTE
r-release-macos-arm64 0.1.1 19.00 NOTE
r-release-macos-x86_64 0.1.1 24.00 NOTE
r-release-windows-x86_64 0.1.1 18.00 54.00 72.00 NOTE
r-oldrel-macos-arm64 0.1.1 22.00 NOTE
r-oldrel-macos-x86_64 0.1.1 34.00 NOTE
r-oldrel-windows-ix86+x86_64 0.1.1 6.00 45.00 51.00 NOTE

Check Details

Version: 0.1.1
Check: LazyData
Result: NOTE
     'LazyData' is specified without a 'data' directory
Flavors: r-devel-linux-x86_64-debian-clang, r-devel-linux-x86_64-debian-gcc, r-devel-linux-x86_64-fedora-clang, r-devel-linux-x86_64-fedora-gcc, r-devel-windows-x86_64, r-patched-linux-x86_64, r-release-linux-x86_64, r-release-macos-arm64, r-release-macos-x86_64, r-release-windows-x86_64, r-oldrel-macos-arm64, r-oldrel-macos-x86_64, r-oldrel-windows-ix86+x86_64