Last updated on 2024-04-26 12:54:43 CEST.
Flavor | Version | Tinstall | Tcheck | Ttotal | Status | Flags |
---|---|---|---|---|---|---|
r-devel-linux-x86_64-debian-clang | 1.0.1 | 3.65 | 283.80 | 287.45 | NOTE | |
r-devel-linux-x86_64-debian-gcc | 1.0.1 | 2.65 | 190.82 | 193.47 | NOTE | |
r-devel-linux-x86_64-fedora-clang | 1.0.1 | 327.34 | NOTE | |||
r-devel-linux-x86_64-fedora-gcc | 1.0.1 | 324.90 | NOTE | |||
r-devel-windows-x86_64 | 1.0.1 | 3.00 | 179.00 | 182.00 | NOTE | |
r-patched-linux-x86_64 | 1.0.1 | 3.81 | 265.01 | 268.82 | NOTE | |
r-release-linux-x86_64 | 1.0.1 | 4.01 | 250.95 | 254.96 | NOTE | |
r-release-macos-arm64 | 1.0.1 | 73.00 | NOTE | |||
r-release-windows-x86_64 | 1.0.1 | 4.00 | 187.00 | 191.00 | NOTE | |
r-oldrel-macos-arm64 | 1.0.1 | 77.00 | NOTE | |||
r-oldrel-macos-x86_64 | 1.0.1 | 154.00 | NOTE | |||
r-oldrel-windows-x86_64 | 1.0.1 | 4.00 | 247.00 | 251.00 | NOTE |
Version: 1.0.1
Check: LazyData
Result: NOTE
'LazyData' is specified without a 'data' directory
Flavors: r-devel-linux-x86_64-debian-clang, r-devel-linux-x86_64-debian-gcc, r-devel-linux-x86_64-fedora-clang, r-devel-linux-x86_64-fedora-gcc, r-devel-windows-x86_64, r-patched-linux-x86_64, r-release-linux-x86_64, r-release-macos-arm64, r-release-windows-x86_64, r-oldrel-macos-arm64, r-oldrel-macos-x86_64, r-oldrel-windows-x86_64