Last updated on 2025-04-29 12:52:43 CEST.
Flavor | Version | Tinstall | Tcheck | Ttotal | Status | Flags |
---|---|---|---|---|---|---|
r-devel-linux-x86_64-debian-clang | 1.1.0 | 16.39 | 86.72 | 103.11 | NOTE | |
r-devel-linux-x86_64-debian-gcc | 1.1.0 | 10.41 | 54.94 | 65.35 | NOTE | |
r-devel-linux-x86_64-fedora-clang | 1.1.0 | 164.40 | OK | |||
r-devel-linux-x86_64-fedora-gcc | 1.1.0 | 156.59 | OK | |||
r-devel-windows-x86_64 | 1.1.0 | 13.00 | 104.00 | 117.00 | OK | |
r-patched-linux-x86_64 | 1.1.0 | 17.58 | 82.44 | 100.02 | OK | |
r-release-linux-x86_64 | 1.1.0 | 13.97 | 80.03 | 94.00 | OK | |
r-release-macos-arm64 | 1.1.0 | 44.00 | OK | |||
r-release-macos-x86_64 | 1.1.0 | 94.00 | OK | |||
r-release-windows-x86_64 | 1.1.0 | 15.00 | 104.00 | 119.00 | OK | |
r-oldrel-macos-arm64 | 1.1.0 | 37.00 | OK | |||
r-oldrel-macos-x86_64 | 1.1.0 | 60.00 | OK | |||
r-oldrel-windows-x86_64 | 1.1.0 | 15.00 | 118.00 | 133.00 | OK |
Version: 1.1.0
Check: CRAN incoming feasibility
Result: NOTE
Maintainer: ‘Nathaniel E. Helwig <helwig@umn.edu>’
No Authors@R field in DESCRIPTION.
Please add one, modifying
Authors@R: person(given = c("Nathaniel", "E."),
family = "Helwig",
role = c("aut", "cre"),
email = "helwig@umn.edu")
as necessary.
Flavors: r-devel-linux-x86_64-debian-clang, r-devel-linux-x86_64-debian-gcc
Version: 1.1.0
Check: examples
Result: NOTE
Examples with CPU (user + system) or elapsed time > 5s
user system elapsed
gsm 4.074 0.007 5.739
Flavor: r-devel-linux-x86_64-debian-clang