Last updated on 2025-04-29 12:52:43 CEST.
Flavor | Version | Tinstall | Tcheck | Ttotal | Status | Flags |
---|---|---|---|---|---|---|
r-devel-linux-x86_64-debian-clang | 1.0.0 | 1.70 | 19.69 | 21.39 | NOTE | |
r-devel-linux-x86_64-debian-gcc | 1.0.0 | 1.43 | 16.59 | 18.02 | NOTE | |
r-devel-linux-x86_64-fedora-clang | 1.0.0 | 33.99 | OK | |||
r-devel-linux-x86_64-fedora-gcc | 1.0.0 | 32.42 | OK | |||
r-devel-windows-x86_64 | 1.0.0 | 3.00 | 47.00 | 50.00 | OK | |
r-patched-linux-x86_64 | 1.0.0 | 1.95 | 18.70 | 20.65 | OK | |
r-release-linux-x86_64 | 1.0.0 | 1.81 | 18.90 | 20.71 | OK | |
r-release-macos-arm64 | 1.0.0 | 19.00 | OK | |||
r-release-macos-x86_64 | 1.0.0 | 29.00 | OK | |||
r-release-windows-x86_64 | 1.0.0 | 2.00 | 52.00 | 54.00 | OK | |
r-oldrel-macos-arm64 | 1.0.0 | 15.00 | OK | |||
r-oldrel-macos-x86_64 | 1.0.0 | 22.00 | OK | |||
r-oldrel-windows-x86_64 | 1.0.0 | 3.00 | 47.00 | 50.00 | OK |
Version: 1.0.0
Check: CRAN incoming feasibility
Result: NOTE
Maintainer: ‘Xin Tian <tianxtt@gmail.com>’
No Authors@R field in DESCRIPTION.
Please add one, modifying
Authors@R: c(person(given = "Xin",
family = "Tian",
role = c("aut", "cre"),
email = "tianxtt@gmail.com"),
person(given = "Colin",
family = "Wu",
role = "aut"))
as necessary.
Flavors: r-devel-linux-x86_64-debian-clang, r-devel-linux-x86_64-debian-gcc