Last updated on 2024-03-28 09:51:50 CET.
Flavor | Version | Tinstall | Tcheck | Ttotal | Status | Flags |
---|---|---|---|---|---|---|
r-devel-linux-x86_64-debian-clang | 0.2.0 | 6.56 | 70.54 | 77.10 | OK | |
r-devel-linux-x86_64-debian-gcc | 0.2.0 | 4.32 | 53.58 | 57.90 | OK | |
r-devel-linux-x86_64-fedora-clang | 0.2.0 | 94.39 | NOTE | |||
r-devel-linux-x86_64-fedora-gcc | 0.2.0 | 102.75 | OK | |||
r-devel-windows-x86_64 | 0.2.0 | 5.00 | 76.00 | 81.00 | OK | |
r-patched-linux-x86_64 | 0.2.0 | 11.96 | 68.00 | 79.96 | OK | |
r-release-linux-x86_64 | 0.2.0 | 3.71 | 65.35 | 69.06 | OK | |
r-release-macos-arm64 | 0.2.0 | 123.00 | OK | |||
r-release-macos-x86_64 | 0.2.0 | 58.00 | OK | |||
r-release-windows-x86_64 | 0.2.0 | 9.00 | 87.00 | 96.00 | OK | |
r-oldrel-macos-arm64 | 0.2.0 | 29.00 | OK | |||
r-oldrel-windows-x86_64 | 0.2.0 | 9.00 | 88.00 | 97.00 | OK |
Version: 0.2.0
Check: Rd cross-references
Result: NOTE
Undeclared package ‘tidyselect’ in Rd xrefs
Flavor: r-devel-linux-x86_64-fedora-clang