Last updated on 2025-07-03 12:53:37 CEST.
Flavor | Version | Tinstall | Tcheck | Ttotal | Status | Flags |
---|---|---|---|---|---|---|
r-devel-linux-x86_64-debian-clang | 1.1.0 | 8.96 | 68.97 | 77.93 | NOTE | |
r-devel-linux-x86_64-debian-gcc | 1.1.0 | 5.50 | 49.89 | 55.39 | NOTE | |
r-devel-linux-x86_64-fedora-clang | 1.1.0 | 124.74 | OK | |||
r-devel-linux-x86_64-fedora-gcc | 1.1.0 | 113.90 | OK | |||
r-devel-windows-x86_64 | 1.1.0 | 9.00 | 82.00 | 91.00 | OK | |
r-patched-linux-x86_64 | 1.1.0 | 8.23 | 64.85 | 73.08 | OK | |
r-release-linux-x86_64 | 1.1.0 | 7.68 | 65.02 | 72.70 | OK | |
r-release-macos-arm64 | 1.1.0 | 37.00 | OK | |||
r-release-macos-x86_64 | 1.1.0 | 65.00 | OK | |||
r-release-windows-x86_64 | 1.1.0 | 9.00 | 80.00 | 89.00 | OK | |
r-oldrel-macos-arm64 | 1.1.0 | 34.00 | OK | |||
r-oldrel-macos-x86_64 | 1.1.0 | 50.00 | OK | |||
r-oldrel-windows-x86_64 | 1.1.0 | 11.00 | 97.00 | 108.00 | OK |
Version: 1.1.0
Check: CRAN incoming feasibility
Result: NOTE
Maintainer: ‘Huan Cheng <hcheng1118@hotmail.com>’
The Description field contains
Cheng and He (2021) <arXiv:2110.03833>. The references for sample size
Please refer to arXiv e-prints via their arXiv DOI <doi:10.48550/arXiv.YYMM.NNNNN>.
Flavors: r-devel-linux-x86_64-debian-clang, r-devel-linux-x86_64-debian-gcc