Last updated on 2024-03-29 09:55:30 CET.
Flavor | Version | Tinstall | Tcheck | Ttotal | Status | Flags |
---|---|---|---|---|---|---|
r-devel-linux-x86_64-debian-clang | 0.1.0 | 8.02 | 64.71 | 72.73 | NOTE | |
r-devel-linux-x86_64-debian-gcc | 0.1.0 | 6.18 | 48.22 | 54.40 | NOTE | |
r-devel-linux-x86_64-fedora-clang | 0.1.0 | 86.53 | NOTE | |||
r-devel-linux-x86_64-fedora-gcc | 0.1.0 | 86.11 | NOTE | |||
r-devel-windows-x86_64 | 0.1.0 | 6.00 | 62.00 | 68.00 | NOTE | |
r-patched-linux-x86_64 | 0.1.0 | 6.06 | 60.29 | 66.35 | NOTE | |
r-release-linux-x86_64 | 0.1.0 | 6.65 | 62.16 | 68.81 | NOTE | |
r-release-macos-arm64 | 0.1.0 | 30.00 | NOTE | |||
r-release-macos-x86_64 | 0.1.0 | 49.00 | NOTE | |||
r-release-windows-x86_64 | 0.1.0 | 9.00 | 73.00 | 82.00 | NOTE | |
r-oldrel-macos-arm64 | 0.1.0 | 28.00 | NOTE | |||
r-oldrel-windows-x86_64 | 0.1.0 | 9.00 | 78.00 | 87.00 | NOTE |
Version: 0.1.0
Check: LazyData
Result: NOTE
'LazyData' is specified without a 'data' directory
Flavors: r-devel-linux-x86_64-debian-clang, r-devel-linux-x86_64-debian-gcc, r-devel-linux-x86_64-fedora-clang, r-devel-linux-x86_64-fedora-gcc, r-devel-windows-x86_64, r-patched-linux-x86_64, r-release-linux-x86_64, r-release-macos-arm64, r-release-macos-x86_64, r-release-windows-x86_64, r-oldrel-macos-arm64, r-oldrel-windows-x86_64