Last updated on 2025-04-29 12:52:43 CEST.
Flavor | Version | Tinstall | Tcheck | Ttotal | Status | Flags |
---|---|---|---|---|---|---|
r-devel-linux-x86_64-debian-clang | 1.1-4 | 2.10 | 22.93 | 25.03 | NOTE | |
r-devel-linux-x86_64-debian-gcc | 1.1-4 | 1.70 | 18.41 | 20.11 | NOTE | |
r-devel-linux-x86_64-fedora-clang | 1.1-4 | 40.36 | OK | |||
r-devel-linux-x86_64-fedora-gcc | 1.1-4 | 51.40 | OK | |||
r-devel-windows-x86_64 | 1.1-4 | 4.00 | 53.00 | 57.00 | OK | |
r-patched-linux-x86_64 | 1.1-4 | 1.97 | 21.79 | 23.76 | OK | |
r-release-linux-x86_64 | 1.1-4 | 2.02 | 22.14 | 24.16 | OK | |
r-release-macos-arm64 | 1.1-4 | 28.00 | OK | |||
r-release-macos-x86_64 | 1.1-4 | 50.00 | OK | |||
r-release-windows-x86_64 | 1.1-4 | 3.00 | 61.00 | 64.00 | OK | |
r-oldrel-macos-arm64 | 1.1-4 | 21.00 | OK | |||
r-oldrel-macos-x86_64 | 1.1-4 | 32.00 | OK | |||
r-oldrel-windows-x86_64 | 1.1-4 | 3.00 | 51.00 | 54.00 | OK |
Version: 1.1-4
Check: CRAN incoming feasibility
Result: NOTE
Maintainer: ‘Terry Therneau <terry.therneau@mayo.edu>’
No Authors@R field in DESCRIPTION.
Please add one, modifying
Authors@R: person(given = "Terry",
family = "Therneau",
role = c("aut", "cre"),
email = "terry.therneau@mayo.edu")
as necessary.
Flavors: r-devel-linux-x86_64-debian-clang, r-devel-linux-x86_64-debian-gcc