CRAN Package Check Results for Package notifyme

Last updated on 2022-06-24 11:52:14 CEST.

Flavor Version Tinstall Tcheck Ttotal Status Flags
r-devel-linux-x86_64-debian-clang 0.3.0 1.96 22.68 24.64 NOTE
r-devel-linux-x86_64-debian-gcc 0.3.0 1.74 17.52 19.26 NOTE
r-devel-linux-x86_64-fedora-clang 0.3.0 41.25 NOTE
r-devel-linux-x86_64-fedora-gcc 0.3.0 39.91 NOTE
r-devel-windows-x86_64 0.3.0 12.00 48.00 60.00 NOTE
r-patched-linux-x86_64 0.3.0 1.88 22.16 24.04 NOTE
r-release-linux-x86_64 0.3.0 1.43 21.95 23.38 NOTE
r-release-macos-arm64 0.3.0 14.00 NOTE
r-release-macos-x86_64 0.3.0 24.00 NOTE
r-release-windows-x86_64 0.3.0 11.00 49.00 60.00 NOTE
r-oldrel-macos-arm64 0.3.0 20.00 NOTE
r-oldrel-macos-x86_64 0.3.0 23.00 NOTE
r-oldrel-windows-ix86+x86_64 0.3.0 6.00 39.00 45.00 NOTE

Check Details

Version: 0.3.0
Check: LazyData
Result: NOTE
     'LazyData' is specified without a 'data' directory
Flavors: r-devel-linux-x86_64-debian-clang, r-devel-linux-x86_64-debian-gcc, r-devel-linux-x86_64-fedora-clang, r-devel-linux-x86_64-fedora-gcc, r-devel-windows-x86_64, r-patched-linux-x86_64, r-release-linux-x86_64, r-release-macos-arm64, r-release-macos-x86_64, r-release-windows-x86_64, r-oldrel-macos-arm64, r-oldrel-macos-x86_64, r-oldrel-windows-ix86+x86_64