Last updated on 2022-06-25 10:53:09 CEST.
Flavor | Version | Tinstall | Tcheck | Ttotal | Status | Flags |
---|---|---|---|---|---|---|
r-devel-linux-x86_64-debian-clang | 2.1.0 | 3.33 | 42.97 | 46.30 | OK | |
r-devel-linux-x86_64-debian-gcc | 2.1.0 | 2.93 | 32.01 | 34.94 | OK | |
r-devel-linux-x86_64-fedora-clang | 2.1.0 | 66.32 | NOTE | |||
r-devel-linux-x86_64-fedora-gcc | 2.1.0 | 69.87 | NOTE | |||
r-devel-windows-x86_64 | 2.1.0 | 20.00 | 93.00 | 113.00 | OK | |
r-patched-linux-x86_64 | 2.1.0 | 3.58 | 40.11 | 43.69 | OK | |
r-release-linux-x86_64 | 2.1.0 | 3.07 | 39.94 | 43.01 | OK | |
r-release-macos-arm64 | 2.1.0 | 46.00 | NOTE | |||
r-release-macos-x86_64 | 2.1.0 | 70.00 | NOTE | |||
r-release-windows-x86_64 | 2.1.0 | 24.00 | 88.00 | 112.00 | OK | |
r-oldrel-macos-arm64 | 2.1.0 | 47.00 | NOTE | |||
r-oldrel-macos-x86_64 | 2.1.0 | 56.00 | NOTE | |||
r-oldrel-windows-ix86+x86_64 | 2.1.0 | 8.00 | 81.00 | 89.00 | OK |
Version: 2.1.0
Check: dependencies in R code
Result: NOTE
Namespaces in Imports field not imported from:
‘progressr’ ‘vcr’
All declared Imports should be used.
Flavors: r-devel-linux-x86_64-fedora-clang, r-devel-linux-x86_64-fedora-gcc, r-release-macos-arm64, r-release-macos-x86_64, r-oldrel-macos-arm64, r-oldrel-macos-x86_64