Last updated on 2022-06-28 12:52:30 CEST.
Flavor | Version | Tinstall | Tcheck | Ttotal | Status | Flags |
---|---|---|---|---|---|---|
r-devel-linux-x86_64-debian-clang | 0.5-5 | 4.62 | 61.31 | 65.93 | NOTE | |
r-devel-linux-x86_64-debian-gcc | 0.5-5 | 3.50 | 45.98 | 49.48 | NOTE | |
r-devel-linux-x86_64-fedora-clang | 0.5-5 | 87.66 | NOTE | |||
r-devel-linux-x86_64-fedora-gcc | 0.5-5 | 85.88 | NOTE | |||
r-devel-windows-x86_64 | 0.5-5 | 21.00 | 92.00 | 113.00 | NOTE | |
r-patched-linux-x86_64 | 0.5-5 | 4.44 | 56.95 | 61.39 | NOTE | |
r-release-linux-x86_64 | 0.5-5 | 4.26 | 57.46 | 61.72 | NOTE | |
r-release-macos-arm64 | 0.5-5 | 29.00 | NOTE | |||
r-release-macos-x86_64 | 0.5-5 | 39.00 | NOTE | |||
r-release-windows-x86_64 | 0.5-5 | 17.00 | 95.00 | 112.00 | NOTE | |
r-oldrel-macos-arm64 | 0.5-5 | 32.00 | NOTE | |||
r-oldrel-macos-x86_64 | 0.5-5 | 49.00 | NOTE | |||
r-oldrel-windows-ix86+x86_64 | 0.5-5 | 10.00 | 91.00 | 101.00 | NOTE |
Version: 0.5-5
Check: LazyData
Result: NOTE
'LazyData' is specified without a 'data' directory
Flavors: r-devel-linux-x86_64-debian-clang, r-devel-linux-x86_64-debian-gcc, r-devel-linux-x86_64-fedora-clang, r-devel-linux-x86_64-fedora-gcc, r-devel-windows-x86_64, r-patched-linux-x86_64, r-release-linux-x86_64, r-release-macos-arm64, r-release-macos-x86_64, r-release-windows-x86_64, r-oldrel-macos-arm64, r-oldrel-macos-x86_64, r-oldrel-windows-ix86+x86_64