CRAN Package Check Results for Package nonmem2rx

Last updated on 2023-11-30 10:48:55 CET.

Flavor Version Tinstall Tcheck Ttotal Status Flags
r-devel-linux-x86_64-debian-clang 0.1.2 62.03 817.19 879.22 WARN
r-devel-linux-x86_64-debian-gcc 0.1.2 37.74 603.39 641.13 WARN
r-devel-linux-x86_64-fedora-clang 0.1.2 1012.96 WARN
r-devel-linux-x86_64-fedora-gcc 0.1.2 1104.97 WARN
r-devel-windows-x86_64 0.1.2 55.00 625.00 680.00 WARN
r-patched-linux-x86_64 0.1.2 35.15 809.34 844.49 OK
r-release-linux-x86_64 0.1.2 35.76 802.66 838.42 OK
r-release-macos-arm64 0.1.2 294.00 NOTE
r-release-macos-x86_64 0.1.2 646.00 NOTE
r-release-windows-x86_64 0.1.2 67.00 771.00 838.00 NOTE
r-oldrel-macos-arm64 0.1.2 289.00 NOTE
r-oldrel-macos-x86_64 0.1.2 389.00 NOTE
r-oldrel-windows-x86_64 0.1.2 64.00 746.00 810.00 NOTE

Check Details

Version: 0.1.2
Check: whether package can be installed
Result: WARN Found the following significant warnings: ./parseSyntaxErrors.h:391:30: warning: format string is not a string literal (potentially insecure) [-Wformat-security] /home/hornik/tmp/R.check/r-devel-clang/Work/build/Packages/dparser/include/dparser.h:692:9: warning: format string is not a string literal (potentially insecure) [-Wformat-security] /home/hornik/tmp/R.check/r-devel-clang/Work/build/Packages/dparser/include/dparser.h:704:11: warning: format string is not a string literal (potentially insecure) [-Wformat-security] See ‘/home/hornik/tmp/R.check/r-devel-clang/Work/PKGS/nonmem2rx.Rcheck/00install.out’ for details. * used C compiler: ‘Debian clang version 17.0.5 (1)’ * used C++ compiler: ‘Debian clang version 17.0.5 (1)’ Flavor: r-devel-linux-x86_64-debian-clang

Version: 0.1.2
Check: whether package can be installed
Result: WARN Found the following significant warnings: abbrev.c:1048:32: warning: format ‘%d’ expects a matching ‘int’ argument [-Wformat=] abbrev.c:1052:32: warning: format ‘%d’ expects a matching ‘int’ argument [-Wformat=] See ‘/home/hornik/tmp/R.check/r-devel-gcc/Work/PKGS/nonmem2rx.Rcheck/00install.out’ for details. * used C compiler: ‘gcc-13 (Debian 13.2.0-5) 13.2.0’ * used C++ compiler: ‘g++-13 (Debian 13.2.0-5) 13.2.0’ Flavor: r-devel-linux-x86_64-debian-gcc

Version: 0.1.2
Check: whether package can be installed
Result: WARN Found the following significant warnings: ./parseSyntaxErrors.h:391:30: warning: format string is not a string literal (potentially insecure) [-Wformat-security] abbrev.c:1048:39: warning: more '%' conversions than data arguments [-Wformat-insufficient-args] abbrev.c:1052:39: warning: more '%' conversions than data arguments [-Wformat-insufficient-args] /data/gannet/ripley/R/test-clang/dparser/include/dparser.h:692:9: warning: format string is not a string literal (potentially insecure) [-Wformat-security] /data/gannet/ripley/R/test-clang/dparser/include/dparser.h:704:11: warning: format string is not a string literal (potentially insecure) [-Wformat-security] See ‘/data/gannet/ripley/R/packages/tests-clang/nonmem2rx.Rcheck/00install.out’ for details. * used C compiler: ‘clang version 17.0.5’ * used C++ compiler: ‘clang version 17.0.5’ Flavor: r-devel-linux-x86_64-fedora-clang

Version: 0.1.2
Check: installed package size
Result: NOTE installed size is 9.2Mb sub-directories of 1Mb or more: doc 1.8Mb libs 3.4Mb mods 3.4Mb Flavors: r-devel-linux-x86_64-fedora-clang, r-devel-windows-x86_64, r-release-macos-arm64, r-release-macos-x86_64, r-release-windows-x86_64, r-oldrel-macos-arm64, r-oldrel-macos-x86_64, r-oldrel-windows-x86_64

Version: 0.1.2
Check: whether package can be installed
Result: WARN Found the following significant warnings: abbrev.c:1048:32: warning: format '%d' expects a matching 'int' argument [-Wformat=] abbrev.c:1052:32: warning: format '%d' expects a matching 'int' argument [-Wformat=] See ‘/data/gannet/ripley/R/packages/tests-devel/nonmem2rx.Rcheck/00install.out’ for details. * used C compiler: ‘gcc-13 (GCC) 13.2.0’ * used C++ compiler: ‘g++-13 (GCC) 13.2.0’ Flavor: r-devel-linux-x86_64-fedora-gcc

Version: 0.1.2
Check: whether package can be installed
Result: WARN Found the following significant warnings: abbrev.c:1048:32: warning: format '%d' expects a matching 'int' argument [-Wformat=] abbrev.c:1052:32: warning: format '%d' expects a matching 'int' argument [-Wformat=] See 'd:/Rcompile/CRANpkg/local/4.4/nonmem2rx.Rcheck/00install.out' for details. * used C compiler: 'gcc.exe (GCC) 12.3.0' * used C++ compiler: 'g++.exe (GCC) 12.3.0' Flavor: r-devel-windows-x86_64