Last updated on 2022-07-07 12:55:29 CEST.
Flavor | Version | Tinstall | Tcheck | Ttotal | Status | Flags |
---|---|---|---|---|---|---|
r-devel-linux-x86_64-debian-clang | 0.2.2 | 22.41 | 57.44 | 79.85 | NOTE | |
r-devel-linux-x86_64-debian-gcc | 0.2.2 | 17.24 | 41.78 | 59.02 | NOTE | |
r-devel-linux-x86_64-fedora-clang | 0.2.2 | 112.73 | NOTE | |||
r-devel-linux-x86_64-fedora-gcc | 0.2.2 | 106.00 | NOTE | |||
r-devel-windows-x86_64 | 0.2.2 | 45.00 | 99.00 | 144.00 | NOTE | |
r-patched-linux-x86_64 | 0.2.2 | 18.70 | 53.49 | 72.19 | NOTE | |
r-release-linux-x86_64 | 0.2.2 | 19.23 | 54.62 | 73.85 | NOTE | |
r-release-macos-arm64 | 0.2.2 | 30.00 | NOTE | |||
r-release-macos-x86_64 | 0.2.2 | 40.00 | NOTE | |||
r-release-windows-x86_64 | 0.2.2 | 47.00 | 105.00 | 152.00 | NOTE | |
r-oldrel-macos-arm64 | 0.2.2 | 36.00 | NOTE | |||
r-oldrel-macos-x86_64 | 0.2.2 | 50.00 | NOTE | |||
r-oldrel-windows-ix86+x86_64 | 0.2.2 | 55.00 | 129.00 | 184.00 | NOTE |
Version: 0.2.2
Check: LazyData
Result: NOTE
'LazyData' is specified without a 'data' directory
Flavors: r-devel-linux-x86_64-debian-clang, r-devel-linux-x86_64-debian-gcc, r-devel-linux-x86_64-fedora-clang, r-devel-linux-x86_64-fedora-gcc, r-devel-windows-x86_64, r-patched-linux-x86_64, r-release-linux-x86_64, r-release-macos-arm64, r-release-macos-x86_64, r-release-windows-x86_64, r-oldrel-macos-arm64, r-oldrel-macos-x86_64, r-oldrel-windows-ix86+x86_64
Version: 0.2.2
Check: compiled code
Result: NOTE
File ‘noncompliance/libs/noncompliance.so’:
Found no calls to: ‘R_registerRoutines’, ‘R_useDynamicSymbols’
It is good practice to register native routines and to disable symbol
search.
See ‘Writing portable packages’ in the ‘Writing R Extensions’ manual.
Flavors: r-devel-linux-x86_64-fedora-clang, r-devel-linux-x86_64-fedora-gcc