Last updated on 2024-08-31 11:49:34 CEST.
Flavor | Version | Tinstall | Tcheck | Ttotal | Status | Flags |
---|---|---|---|---|---|---|
r-devel-linux-x86_64-debian-clang | 1.2.0.0 | 0.22 | 1.63 | 1.85 | ERROR | |
r-devel-linux-x86_64-debian-gcc | 1.2.0.0 | 0.31 | 1.64 | 1.95 | ERROR | |
r-devel-linux-x86_64-fedora-clang | 1.2.0.0 | 2.33 | ERROR | |||
r-devel-linux-x86_64-fedora-gcc | 1.2.0.0 | 2.50 | ERROR | |||
r-devel-windows-x86_64 | 1.2.0.0 | 4.00 | 45.00 | 49.00 | ERROR | |
r-patched-linux-x86_64 | 1.2.0.0 | 0.31 | 1.72 | 2.03 | ERROR | |
r-release-linux-x86_64 | 1.2.0.0 | 0.25 | 1.71 | 1.96 | ERROR | |
r-release-macos-arm64 | 1.2.0.0 | 19.00 | NOTE | |||
r-release-macos-x86_64 | 1.2.0.0 | 24.00 | NOTE | |||
r-release-windows-x86_64 | 1.2.0.0 | 5.00 | 60.00 | 65.00 | ERROR | |
r-oldrel-macos-arm64 | 1.2.0.0 | 19.00 | NOTE | |||
r-oldrel-macos-x86_64 | 1.2.0.0 | 25.00 | NOTE | |||
r-oldrel-windows-x86_64 | 1.2.0.0 | 5.00 | 50.00 | 55.00 | ERROR |
Version: 1.2.0.0
Check: package dependencies
Result: ERROR
Package required but not available: ‘do’
See section ‘The DESCRIPTION file’ in the ‘Writing R Extensions’
manual.
Flavors: r-devel-linux-x86_64-debian-clang, r-devel-linux-x86_64-debian-gcc, r-devel-linux-x86_64-fedora-clang, r-devel-linux-x86_64-fedora-gcc, r-patched-linux-x86_64, r-release-linux-x86_64
Version: 1.2.0.0
Check: LazyData
Result: NOTE
'LazyData' is specified without a 'data' directory
Flavors: r-devel-windows-x86_64, r-release-macos-arm64, r-release-macos-x86_64, r-release-windows-x86_64, r-oldrel-macos-arm64, r-oldrel-macos-x86_64, r-oldrel-windows-x86_64
Version: 1.2.0.0
Check: examples
Result: ERROR
Running examples in 'nomogramFormula-Ex.R' failed
The error most likely occurred in:
> ### Name: TotalPoints.rms
> ### Title: Caculate Total Points for nomogram Picture
> ### Aliases: TotalPoints.rms
>
> ### ** Examples
>
> library(rms)
Loading required package: Hmisc
Attaching package: 'Hmisc'
The following objects are masked from 'package:base':
format.pval, units
> n <- 1000
> set.seed(17)
> d <- data.frame(age = rnorm(n, 50, 10),
+ blood.pressure = rnorm(n, 120, 15),
+ cholesterol = rnorm(n, 200, 25),
+ sex = factor(sample(c('female','male'), n,TRUE)))
>
> d <- upData(d,
+ L = .4*(sex=='male') + .045*(age-50) +
+ (log(cholesterol - 10)-5.2)*(-2*(sex=='female') + 2*(sex=='male')),
+ y = ifelse(runif(n) < plogis(L), 1, 0))
Input object size: 29616 bytes; 4 variables 1000 observations
Added variable L
Added variable y
New object size: 41856 bytes; 6 variables 1000 observations
>
> ddist <- datadist(d); options(datadist='ddist')
>
> f <- lrm(y ~ lsp(age,50) + sex * rcs(cholesterol, 4) + blood.pressure,
+ data=d)
> nom <- nomogram(f)
> TotalPoints.rms(rd = d,fit = f,nom = nom)
Error: object '.__T__[:base' is not exported by 'namespace:data.table'
Execution halted
Flavors: r-devel-windows-x86_64, r-release-windows-x86_64, r-oldrel-windows-x86_64