Last updated on 2023-02-05 11:10:41 CET.
Flavor | Version | Tinstall | Tcheck | Ttotal | Status | Flags |
---|---|---|---|---|---|---|
r-devel-linux-x86_64-debian-clang | 0.4.7 | 7.00 | 65.67 | 72.67 | OK | |
r-devel-linux-x86_64-debian-gcc | 0.4.7 | 5.66 | 48.27 | 53.93 | OK | |
r-devel-linux-x86_64-fedora-clang | 0.4.7 | 98.11 | OK | |||
r-devel-linux-x86_64-fedora-gcc | 0.4.7 | 98.04 | OK | |||
r-devel-windows-x86_64 | 0.4.7 | 21.00 | 106.00 | 127.00 | OK | |
r-patched-linux-x86_64 | 0.4.7 | 7.44 | 61.49 | 68.93 | OK | |
r-release-linux-x86_64 | 0.4.7 | 6.51 | 64.08 | 70.59 | OK | |
r-release-macos-arm64 | 0.4.7 | 37.00 | OK | |||
r-release-macos-x86_64 | 0.4.7 | 48.00 | OK | |||
r-release-windows-x86_64 | 0.4.7 | 20.00 | 111.00 | 131.00 | OK | |
r-oldrel-macos-arm64 | 0.4.7 | 36.00 | OK | |||
r-oldrel-macos-x86_64 | 0.4.7 | 47.00 | OK | |||
r-oldrel-windows-ix86+x86_64 | 0.4.7 | 17.00 | 93.00 | 110.00 | WARN |
Version: 0.4.7
Check: re-building of vignette outputs
Result: WARN
Error(s) in re-building vignettes:
--- re-building 'introduction.Rmd' using rmarkdown
Quitting from lines 41-45 (introduction.Rmd)
Error: processing vignette 'introduction.Rmd' failed with diagnostics:
cannot open the connection
--- failed re-building 'introduction.Rmd'
SUMMARY: processing the following file failed:
'introduction.Rmd'
Error: Vignette re-building failed.
Execution halted
Flavor: r-oldrel-windows-ix86+x86_64