CRAN Package Check Results for Package noisyCE2

Last updated on 2022-07-02 12:53:09 CEST.

Flavor Version Tinstall Tcheck Ttotal Status Flags
r-devel-linux-x86_64-debian-clang 1.1.0 2.78 25.23 28.01 NOTE
r-devel-linux-x86_64-debian-gcc 1.1.0 1.64 19.52 21.16 NOTE
r-devel-linux-x86_64-fedora-clang 1.1.0 44.26 NOTE
r-devel-linux-x86_64-fedora-gcc 1.1.0 43.71 NOTE
r-devel-windows-x86_64 1.1.0 14.00 49.00 63.00 NOTE
r-patched-linux-x86_64 1.1.0 2.89 25.04 27.93 NOTE
r-release-linux-x86_64 1.1.0 2.04 24.73 26.77 NOTE
r-release-macos-arm64 1.1.0 17.00 NOTE
r-release-macos-x86_64 1.1.0 21.00 NOTE
r-release-windows-x86_64 1.1.0 13.00 50.00 63.00 NOTE
r-oldrel-macos-arm64 1.1.0 19.00 NOTE
r-oldrel-macos-x86_64 1.1.0 26.00 NOTE
r-oldrel-windows-ix86+x86_64 1.1.0 6.00 42.00 48.00 NOTE

Check Details

Version: 1.1.0
Check: LazyData
Result: NOTE
     'LazyData' is specified without a 'data' directory
Flavors: r-devel-linux-x86_64-debian-clang, r-devel-linux-x86_64-debian-gcc, r-devel-linux-x86_64-fedora-clang, r-devel-linux-x86_64-fedora-gcc, r-devel-windows-x86_64, r-patched-linux-x86_64, r-release-linux-x86_64, r-release-macos-arm64, r-release-macos-x86_64, r-release-windows-x86_64, r-oldrel-macos-arm64, r-oldrel-macos-x86_64, r-oldrel-windows-ix86+x86_64