Last updated on 2024-04-18 12:52:52 CEST.
Flavor | Version | Tinstall | Tcheck | Ttotal | Status | Flags |
---|---|---|---|---|---|---|
r-devel-linux-x86_64-debian-clang | 2.6.2 | 11.47 | 101.32 | 112.79 | NOTE | |
r-devel-linux-x86_64-debian-gcc | 2.6.2 | 6.87 | 72.77 | 79.64 | NOTE | |
r-devel-linux-x86_64-fedora-clang | 2.6.2 | 138.72 | NOTE | |||
r-devel-linux-x86_64-fedora-gcc | 2.6.2 | 148.26 | NOTE | |||
r-prerel-macos-arm64 | 2.6.2 | 52.00 | NOTE | |||
r-prerel-windows-x86_64 | 2.6.2 | 10.00 | 98.00 | 108.00 | NOTE | |
r-patched-linux-x86_64 | 2.6.2 | 16.47 | 92.77 | 109.24 | NOTE | |
r-release-linux-x86_64 | 2.6.2 | 8.66 | 92.41 | 101.07 | OK | |
r-release-macos-arm64 | 2.6.2 | 49.00 | OK | |||
r-release-macos-x86_64 | 2.6.2 | 72.00 | OK | |||
r-release-windows-x86_64 | 2.6.2 | 12.00 | 115.00 | 127.00 | OK | |
r-oldrel-macos-arm64 | 2.6.2 | 41.00 | OK | |||
r-oldrel-windows-x86_64 | 2.6.2 | 14.00 | 111.00 | 125.00 | OK |
Version: 2.6.2
Check: Rd files
Result: NOTE
checkRd: (-1) dbConnect-AthenaDriver-method.Rd:108-110: Lost braces in \itemize; meant \describe ?
checkRd: (-1) dbConnect-AthenaDriver-method.Rd:111-113: Lost braces in \itemize; meant \describe ?
checkRd: (-1) dbConnect-AthenaDriver-method.Rd:114-117: Lost braces in \itemize; meant \describe ?
checkRd: (-1) dbConnect-AthenaDriver-method.Rd:118-120: Lost braces in \itemize; meant \describe ?
checkRd: (-1) dbConnect-AthenaDriver-method.Rd:121-124: Lost braces in \itemize; meant \describe ?
checkRd: (-1) dbConnect-AthenaDriver-method.Rd:125: Lost braces in \itemize; meant \describe ?
Flavors: r-devel-linux-x86_64-debian-clang, r-devel-linux-x86_64-debian-gcc, r-devel-linux-x86_64-fedora-clang, r-devel-linux-x86_64-fedora-gcc, r-prerel-macos-arm64, r-prerel-windows-x86_64, r-patched-linux-x86_64