CRAN Package Check Results for Package nnt

Last updated on 2022-06-30 11:53:14 CEST.

Flavor Version Tinstall Tcheck Ttotal Status Flags
r-devel-linux-x86_64-debian-clang 0.1.4 8.74 65.94 74.68 NOTE
r-devel-linux-x86_64-debian-gcc 0.1.4 6.25 50.83 57.08 NOTE
r-devel-linux-x86_64-fedora-clang 0.1.4 99.06 NOTE
r-devel-linux-x86_64-fedora-gcc 0.1.4 98.36 NOTE
r-devel-windows-x86_64 0.1.4 13.00 85.00 98.00 NOTE
r-patched-linux-x86_64 0.1.4 8.08 64.15 72.23 NOTE
r-release-linux-x86_64 0.1.4 7.79 63.33 71.12 NOTE
r-release-macos-arm64 0.1.4 31.00 NOTE
r-release-macos-x86_64 0.1.4 43.00 NOTE
r-release-windows-x86_64 0.1.4 11.00 86.00 97.00 NOTE
r-oldrel-macos-arm64 0.1.4 37.00 NOTE
r-oldrel-macos-x86_64 0.1.4 55.00 NOTE
r-oldrel-windows-ix86+x86_64 0.1.4 16.00 83.00 99.00 NOTE

Check Details

Version: 0.1.4
Check: LazyData
Result: NOTE
     'LazyData' is specified without a 'data' directory
Flavors: r-devel-linux-x86_64-debian-clang, r-devel-linux-x86_64-debian-gcc, r-devel-linux-x86_64-fedora-clang, r-devel-linux-x86_64-fedora-gcc, r-devel-windows-x86_64, r-patched-linux-x86_64, r-release-linux-x86_64, r-release-macos-arm64, r-release-macos-x86_64, r-release-windows-x86_64, r-oldrel-macos-arm64, r-oldrel-macos-x86_64, r-oldrel-windows-ix86+x86_64