CRAN Package Check Results for Package nnspat

Last updated on 2022-07-04 12:54:15 CEST.

Flavor Version Tinstall Tcheck Ttotal Status Flags
r-devel-linux-x86_64-debian-clang 0.1.0 16.40 144.80 161.20 NOTE
r-devel-linux-x86_64-debian-gcc 0.1.0 12.40 102.01 114.41 NOTE
r-devel-linux-x86_64-fedora-clang 0.1.0 194.87 NOTE
r-devel-linux-x86_64-fedora-gcc 0.1.0 196.20 NOTE
r-devel-windows-x86_64 0.1.0 56.00 161.00 217.00 NOTE
r-patched-linux-x86_64 0.1.0 21.36 136.30 157.66 OK
r-release-linux-x86_64 0.1.0 14.70 135.64 150.34 OK
r-release-macos-arm64 0.1.0 49.00 NOTE
r-release-macos-x86_64 0.1.0 64.00 NOTE
r-release-windows-x86_64 0.1.0 62.00 166.00 228.00 OK
r-oldrel-macos-arm64 0.1.0 57.00 NOTE
r-oldrel-macos-x86_64 0.1.0 98.00 NOTE
r-oldrel-windows-ix86+x86_64 0.1.0 25.00 166.00 191.00 OK

Check Details

Version: 0.1.0
Check: Rd files
Result: NOTE
    checkRd: (-1) euc.dist.Rd:50: Escaped LaTeX specials: \&
    checkRd: (-1) funsC_MI_II.Rd:61: Escaped LaTeX specials: \#
    checkRd: (-1) funsN_I_II.Rd:54: Escaped LaTeX specials: \#
Flavors: r-devel-linux-x86_64-debian-clang, r-devel-linux-x86_64-debian-gcc, r-devel-linux-x86_64-fedora-clang, r-devel-linux-x86_64-fedora-gcc, r-devel-windows-x86_64

Version: 0.1.0
Check: dependencies in R code
Result: NOTE
    Namespace in Imports field not imported from: ‘Rdpack’
     All declared Imports should be used.
Flavors: r-devel-linux-x86_64-fedora-clang, r-devel-linux-x86_64-fedora-gcc, r-release-macos-arm64, r-release-macos-x86_64, r-oldrel-macos-arm64, r-oldrel-macos-x86_64

Version: 0.1.0
Check: Rd cross-references
Result: NOTE
    Undeclared package ‘pcds’ in Rd xrefs
Flavor: r-devel-linux-x86_64-fedora-clang