CRAN Package Check Results for Package nnlib2Rcpp

Last updated on 2022-06-24 11:52:14 CEST.

Flavor Version Tinstall Tcheck Ttotal Status Flags
r-devel-linux-x86_64-debian-clang 0.1.9 163.42 56.35 219.77 OK
r-devel-linux-x86_64-debian-gcc 0.1.9 132.35 42.32 174.67 OK
r-devel-linux-x86_64-fedora-clang 0.1.9 350.80 NOTE
r-devel-linux-x86_64-fedora-gcc 0.1.9 302.57 OK
r-devel-windows-x86_64 0.1.9 129.00 130.00 259.00 OK
r-patched-linux-x86_64 0.1.9 139.84 54.36 194.20 OK
r-release-linux-x86_64 0.1.9 138.13 55.40 193.53 OK
r-release-macos-arm64 0.1.9 207.00 NOTE
r-release-macos-x86_64 0.1.9 96.00 NOTE
r-release-windows-x86_64 0.1.9 137.00 130.00 267.00 OK
r-oldrel-macos-arm64 0.1.9 89.00 NOTE
r-oldrel-macos-x86_64 0.1.9 98.00 NOTE
r-oldrel-windows-ix86+x86_64 0.1.9 393.00 130.00 523.00 OK

Check Details

Version: 0.1.9
Check: installed package size
Result: NOTE
     installed size is 7.0Mb
     sub-directories of 1Mb or more:
     libs 6.4Mb
Flavors: r-devel-linux-x86_64-fedora-clang, r-release-macos-arm64, r-release-macos-x86_64, r-oldrel-macos-arm64, r-oldrel-macos-x86_64