Last updated on 2023-02-02 11:54:09 CET.
Flavor | Version | Tinstall | Tcheck | Ttotal | Status | Flags |
---|---|---|---|---|---|---|
r-devel-linux-x86_64-debian-clang | 1.0.0 | 17.19 | 174.76 | 191.95 | WARN | |
r-devel-linux-x86_64-debian-gcc | 1.0.0 | 16.20 | 128.72 | 144.92 | WARN | |
r-devel-linux-x86_64-fedora-clang | 1.0.0 | 244.05 | WARN | |||
r-devel-linux-x86_64-fedora-gcc | 1.0.0 | 246.88 | WARN | |||
r-devel-windows-x86_64 | 1.0.0 | 44.00 | 210.00 | 254.00 | OK | |
r-patched-linux-x86_64 | 1.0.0 | 21.81 | 166.54 | 188.35 | OK | |
r-release-linux-x86_64 | 1.0.0 | 13.97 | 165.90 | 179.87 | OK | |
r-release-macos-arm64 | 1.0.0 | 59.00 | OK | |||
r-release-macos-x86_64 | 1.0.0 | 90.00 | OK | |||
r-release-windows-x86_64 | 1.0.0 | 40.00 | 211.00 | 251.00 | OK | |
r-oldrel-macos-arm64 | 1.0.0 | 53.00 | OK | |||
r-oldrel-macos-x86_64 | 1.0.0 | 92.00 | OK | |||
r-oldrel-windows-ix86+x86_64 | 1.0.0 | 44.00 | 238.00 | 282.00 | OK |
Version: 1.0.0
Check: whether package can be installed
Result: WARN
Found the following significant warnings:
./veclib.h:302:15: warning: a function declaration without a prototype is deprecated in all versions of C [-Wstrict-prototypes]
See ‘/home/hornik/tmp/R.check/r-devel-clang/Work/PKGS/nncc.Rcheck/00install.out’ for details.
* used C compiler: ‘Debian clang version 15.0.6’
Flavor: r-devel-linux-x86_64-debian-clang
Version: 1.0.0
Check: whether package can be installed
Result: WARN
Found the following significant warnings:
veclib.h:302:6: warning: function declaration isn’t a prototype [-Wstrict-prototypes]
See ‘/home/hornik/tmp/R.check/r-devel-gcc/Work/PKGS/nncc.Rcheck/00install.out’ for details.
* used C compiler: ‘gcc-12 (Debian 12.2.0-14) 12.2.0’
Flavor: r-devel-linux-x86_64-debian-gcc
Version: 1.0.0
Check: whether package can be installed
Result: WARN
Found the following significant warnings:
./veclib.h:302:15: warning: a function declaration without a prototype is deprecated in all versions of C [-Wstrict-prototypes]
See ‘/data/gannet/ripley/R/packages/tests-clang/nncc.Rcheck/00install.out’ for details.
* used C compiler: ‘clang version 15.0.7’
Flavor: r-devel-linux-x86_64-fedora-clang
Version: 1.0.0
Check: whether package can be installed
Result: WARN
Found the following significant warnings:
veclib.h:302:6: warning: function declaration isn’t a prototype [-Wstrict-prototypes]
See ‘/data/gannet/ripley/R/packages/tests-devel/nncc.Rcheck/00install.out’ for details.
* used C compiler: ‘gcc (GCC) 12.2.1 20221121 (Red Hat 12.2.1-4)’
Flavor: r-devel-linux-x86_64-fedora-gcc