Last updated on 2025-11-02 13:49:45 CET.
| Flavor | Version | Tinstall | Tcheck | Ttotal | Status | Flags |
|---|---|---|---|---|---|---|
| r-devel-linux-x86_64-debian-clang | 0.1.6 | 10.01 | 157.25 | 167.26 | NOTE | |
| r-devel-linux-x86_64-debian-gcc | 0.1.6 | 7.23 | 118.14 | 125.37 | NOTE | |
| r-devel-linux-x86_64-fedora-clang | 0.1.6 | 19.00 | 218.04 | 237.04 | OK | |
| r-devel-linux-x86_64-fedora-gcc | 0.1.6 | 21.00 | 219.60 | 240.60 | OK | |
| r-devel-windows-x86_64 | 0.1.6 | 12.00 | 112.00 | 124.00 | OK | |
| r-patched-linux-x86_64 | 0.1.6 | 11.04 | 149.51 | 160.55 | OK | |
| r-release-linux-x86_64 | 0.1.6 | 10.27 | 149.90 | 160.17 | OK | |
| r-release-macos-arm64 | 0.1.6 | 4.00 | 51.00 | 55.00 | OK | |
| r-release-macos-x86_64 | 0.1.6 | 8.00 | 89.00 | 97.00 | OK | |
| r-release-windows-x86_64 | 0.1.6 | 11.00 | 112.00 | 123.00 | OK | |
| r-oldrel-macos-arm64 | 0.1.6 | 5.00 | 50.00 | 55.00 | OK | |
| r-oldrel-macos-x86_64 | 0.1.6 | 7.00 | 75.00 | 82.00 | OK | |
| r-oldrel-windows-x86_64 | 0.1.6 | 16.00 | 144.00 | 160.00 | OK |
Version: 0.1.6
Check: CRAN incoming feasibility
Result: NOTE
Maintainer: ‘David Phillippo <david.phillippo@bristol.ac.uk>’
Package CITATION file contains call(s) to old-style personList() or
as.personList(). Please use c() on person objects instead.
Package CITATION file contains call(s) to old-style citEntry(). Please
use bibentry() instead.
Flavors: r-devel-linux-x86_64-debian-clang, r-devel-linux-x86_64-debian-gcc