Last updated on 2024-03-29 09:55:30 CET.
Flavor | Version | Tinstall | Tcheck | Ttotal | Status | Flags |
---|---|---|---|---|---|---|
r-devel-linux-x86_64-debian-clang | 1.0.1 | 5.20 | 89.62 | 94.82 | OK | |
r-devel-linux-x86_64-debian-gcc | 1.0.1 | 3.63 | 63.70 | 67.33 | OK | |
r-devel-linux-x86_64-fedora-clang | 1.0.1 | 110.47 | NOTE | |||
r-devel-linux-x86_64-fedora-gcc | 1.0.1 | 125.22 | OK | |||
r-devel-windows-x86_64 | 1.0.1 | 5.00 | 77.00 | 82.00 | NOTE | |
r-patched-linux-x86_64 | 1.0.1 | 4.81 | 86.68 | 91.49 | OK | |
r-release-linux-x86_64 | 1.0.1 | 3.66 | 83.69 | 87.35 | OK | |
r-release-macos-arm64 | 1.0.1 | 40.00 | NOTE | |||
r-release-macos-x86_64 | 1.0.1 | 63.00 | NOTE | |||
r-release-windows-x86_64 | 1.0.1 | 6.00 | 88.00 | 94.00 | NOTE | |
r-oldrel-macos-arm64 | 1.0.1 | 32.00 | NOTE | |||
r-oldrel-windows-x86_64 | 1.0.1 | 6.00 | 95.00 | 101.00 | NOTE |
Version: 1.0.1
Check: installed package size
Result: NOTE
installed size is 7.6Mb
sub-directories of 1Mb or more:
doc 7.4Mb
Flavors: r-devel-linux-x86_64-fedora-clang, r-devel-windows-x86_64, r-release-macos-arm64, r-release-macos-x86_64, r-release-windows-x86_64, r-oldrel-macos-arm64, r-oldrel-windows-x86_64