CRAN Package Check Results for Package nmadb

Last updated on 2022-07-07 12:55:29 CEST.

Flavor Version Tinstall Tcheck Ttotal Status Flags
r-devel-linux-x86_64-debian-clang 1.2.0 1.89 35.35 37.24 OK
r-devel-linux-x86_64-debian-gcc 1.2.0 1.99 27.71 29.70 OK
r-devel-linux-x86_64-fedora-clang 1.2.0 56.80 NOTE
r-devel-linux-x86_64-fedora-gcc 1.2.0 54.61 NOTE
r-devel-windows-x86_64 1.2.0 6.00 64.00 70.00 OK
r-patched-linux-x86_64 1.2.0 2.29 35.58 37.87 OK
r-release-linux-x86_64 1.2.0 1.58 35.29 36.87 OK
r-release-macos-arm64 1.2.0 42.00 NOTE
r-release-macos-x86_64 1.2.0 52.00 NOTE
r-release-windows-x86_64 1.2.0 13.00 67.00 80.00 OK
r-oldrel-macos-arm64 1.2.0 41.00 NOTE
r-oldrel-macos-x86_64 1.2.0 1803.00 NOTE
r-oldrel-windows-ix86+x86_64 1.2.0 7.00 46.00 53.00 OK

Check Details

Version: 1.2.0
Check: dependencies in R code
Result: NOTE
    Namespaces in Imports field not imported from:
     ‘devtools’ ‘jsonlite’
     All declared Imports should be used.
Flavors: r-devel-linux-x86_64-fedora-clang, r-devel-linux-x86_64-fedora-gcc, r-release-macos-arm64, r-release-macos-x86_64, r-oldrel-macos-arm64, r-oldrel-macos-x86_64