Last updated on 2024-04-18 12:52:52 CEST.
Flavor | Version | Tinstall | Tcheck | Ttotal | Status | Flags |
---|---|---|---|---|---|---|
r-devel-linux-x86_64-debian-clang | 1.2.0 | 2.07 | 39.62 | 41.69 | OK | |
r-devel-linux-x86_64-debian-gcc | 1.2.0 | 2.03 | 30.09 | 32.12 | OK | |
r-devel-linux-x86_64-fedora-clang | 1.2.0 | 52.99 | NOTE | |||
r-devel-linux-x86_64-fedora-gcc | 1.2.0 | 34.76 | NOTE | |||
r-prerel-macos-arm64 | 1.2.0 | 32.00 | OK | |||
r-prerel-windows-x86_64 | 1.2.0 | 3.00 | 56.00 | 59.00 | OK | |
r-patched-linux-x86_64 | 1.2.0 | 1.72 | 38.30 | 40.02 | OK | |
r-release-linux-x86_64 | 1.2.0 | 1.58 | 37.85 | 39.43 | OK | |
r-release-macos-arm64 | 1.2.0 | 74.00 | OK | |||
r-release-macos-x86_64 | 1.2.0 | 49.00 | OK | |||
r-release-windows-x86_64 | 1.2.0 | 4.00 | 58.00 | 62.00 | OK | |
r-oldrel-macos-arm64 | 1.2.0 | 42.00 | NOTE | |||
r-oldrel-windows-x86_64 | 1.2.0 | 5.00 | 66.00 | 71.00 | OK |
Version: 1.2.0
Check: dependencies in R code
Result: NOTE
Namespaces in Imports field not imported from:
‘devtools’ ‘jsonlite’
All declared Imports should be used.
Flavors: r-devel-linux-x86_64-fedora-clang, r-devel-linux-x86_64-fedora-gcc, r-oldrel-macos-arm64