CRAN Package Check Results for Package nltm

Last updated on 2022-07-07 12:55:29 CEST.

Flavor Version Tinstall Tcheck Ttotal Status Flags
r-devel-linux-x86_64-debian-clang 1.4.4 16.36 68.11 84.47 NOTE
r-devel-linux-x86_64-debian-gcc 1.4.4 14.31 52.58 66.89 NOTE
r-devel-linux-x86_64-fedora-clang 1.4.4 117.90 NOTE
r-devel-linux-x86_64-fedora-gcc 1.4.4 112.25 NOTE
r-devel-windows-x86_64 1.4.4 25.00 102.00 127.00 NOTE
r-patched-linux-x86_64 1.4.4 14.73 65.40 80.13 OK
r-release-linux-x86_64 1.4.4 15.67 66.18 81.85 OK
r-release-macos-arm64 1.4.4 38.00 OK
r-release-macos-x86_64 1.4.4 48.00 OK
r-release-windows-x86_64 1.4.4 24.00 110.00 134.00 OK
r-oldrel-macos-arm64 1.4.4 29.00 OK
r-oldrel-macos-x86_64 1.4.4 46.00 OK
r-oldrel-windows-ix86+x86_64 1.4.4 42.00 119.00 161.00 OK

Check Details

Version: 1.4.4
Check: Rd files
Result: NOTE
    checkRd: (-1) nltm.control.Rd:29: Escaped LaTeX specials: \$
Flavors: r-devel-linux-x86_64-debian-clang, r-devel-linux-x86_64-debian-gcc, r-devel-linux-x86_64-fedora-clang, r-devel-linux-x86_64-fedora-gcc, r-devel-windows-x86_64