CRAN Package Check Results for Package nlstac

Last updated on 2022-07-05 11:49:59 CEST.

Flavor Version Tinstall Tcheck Ttotal Status Flags
r-devel-linux-x86_64-debian-clang 0.1.0 3.04 31.56 34.60 NOTE
r-devel-linux-x86_64-debian-gcc 0.1.0 2.17 24.63 26.80 NOTE
r-devel-linux-x86_64-fedora-clang 0.1.0 52.49 NOTE
r-devel-linux-x86_64-fedora-gcc 0.1.0 51.02 NOTE
r-devel-windows-x86_64 0.1.0 13.00 57.00 70.00 NOTE
r-patched-linux-x86_64 0.1.0 1.86 30.89 32.75 NOTE
r-release-linux-x86_64 0.1.0 2.59 30.09 32.68 NOTE
r-release-macos-arm64 0.1.0 20.00 NOTE
r-release-macos-x86_64 0.1.0 26.00 NOTE
r-release-windows-x86_64 0.1.0 15.00 57.00 72.00 NOTE
r-oldrel-macos-arm64 0.1.0 26.00 NOTE
r-oldrel-macos-x86_64 0.1.0 30.00 NOTE
r-oldrel-windows-ix86+x86_64 0.1.0 6.00 50.00 56.00 NOTE

Check Details

Version: 0.1.0
Check: LazyData
Result: NOTE
     'LazyData' is specified without a 'data' directory
Flavors: r-devel-linux-x86_64-debian-clang, r-devel-linux-x86_64-debian-gcc, r-devel-linux-x86_64-fedora-clang, r-devel-linux-x86_64-fedora-gcc, r-devel-windows-x86_64, r-patched-linux-x86_64, r-release-linux-x86_64, r-release-macos-arm64, r-release-macos-x86_64, r-release-windows-x86_64, r-oldrel-macos-arm64, r-oldrel-macos-x86_64, r-oldrel-windows-ix86+x86_64