CRAN Package Check Results for Package nlshelper

Last updated on 2022-07-06 12:53:41 CEST.

Flavor Version Tinstall Tcheck Ttotal Status Flags
r-devel-linux-x86_64-debian-clang 0.2 10.23 97.79 108.02 NOTE
r-devel-linux-x86_64-debian-gcc 0.2 7.45 72.49 79.94 NOTE
r-devel-linux-x86_64-fedora-clang 0.2 149.26 NOTE
r-devel-linux-x86_64-fedora-gcc 0.2 144.60 NOTE
r-devel-windows-x86_64 0.2 22.00 113.00 135.00 NOTE
r-patched-linux-x86_64 0.2 14.95 90.31 105.26 NOTE
r-release-linux-x86_64 0.2 7.28 90.03 97.31 NOTE
r-release-macos-arm64 0.2 39.00 NOTE
r-release-macos-x86_64 0.2 65.00 NOTE
r-release-windows-x86_64 0.2 16.00 120.00 136.00 NOTE
r-oldrel-macos-arm64 0.2 64.00 NOTE
r-oldrel-macos-x86_64 0.2 70.00 NOTE
r-oldrel-windows-ix86+x86_64 0.2 27.00 109.00 136.00 NOTE

Check Details

Version: 0.2
Check: LazyData
Result: NOTE
     'LazyData' is specified without a 'data' directory
Flavors: r-devel-linux-x86_64-debian-clang, r-devel-linux-x86_64-debian-gcc, r-devel-linux-x86_64-fedora-clang, r-devel-linux-x86_64-fedora-gcc, r-devel-windows-x86_64, r-patched-linux-x86_64, r-release-linux-x86_64, r-release-macos-arm64, r-release-macos-x86_64, r-release-windows-x86_64, r-oldrel-macos-arm64, r-oldrel-macos-x86_64, r-oldrel-windows-ix86+x86_64