Last updated on 2024-04-27 10:51:08 CEST.
Flavor | Version | Tinstall | Tcheck | Ttotal | Status | Flags |
---|---|---|---|---|---|---|
r-devel-linux-x86_64-debian-clang | 0.3 | 71.62 | 421.93 | 493.55 | OK | |
r-devel-linux-x86_64-debian-gcc | 0.3 | 51.94 | 294.36 | 346.30 | OK | |
r-devel-linux-x86_64-fedora-clang | 0.3 | 611.13 | NOTE | |||
r-devel-linux-x86_64-fedora-gcc | 0.3 | 596.74 | OK | |||
r-devel-windows-x86_64 | 0.3 | 53.00 | 259.00 | 312.00 | NOTE | |
r-patched-linux-x86_64 | 0.3 | 46.45 | 402.92 | 449.37 | OK | |
r-release-linux-x86_64 | 0.3 | 40.66 | 410.91 | 451.57 | OK | |
r-release-macos-arm64 | 0.3 | 146.00 | NOTE | |||
r-release-windows-x86_64 | 0.3 | 53.00 | 257.00 | 310.00 | NOTE | |
r-oldrel-macos-arm64 | 0.3 | 187.00 | NOTE | |||
r-oldrel-macos-x86_64 | 0.3 | 316.00 | NOTE | |||
r-oldrel-windows-x86_64 | 0.3 | 74.00 | 342.00 | 416.00 | NOTE |
Version: 0.3
Check: installed package size
Result: NOTE
installed size is 6.2Mb
sub-directories of 1Mb or more:
doc 1.2Mb
extdata 3.7Mb
Flavors: r-devel-linux-x86_64-fedora-clang, r-devel-windows-x86_64, r-release-macos-arm64, r-release-windows-x86_64, r-oldrel-macos-arm64, r-oldrel-macos-x86_64, r-oldrel-windows-x86_64