Last updated on 2022-06-25 10:53:09 CEST.
Flavor | Version | Tinstall | Tcheck | Ttotal | Status | Flags |
---|---|---|---|---|---|---|
r-devel-linux-x86_64-debian-clang | 1.0.1 | 17.66 | 238.90 | 256.56 | OK | |
r-devel-linux-x86_64-debian-gcc | 1.0.1 | 15.12 | 179.08 | 194.20 | OK | |
r-devel-linux-x86_64-fedora-clang | 1.0.1 | 321.28 | WARN | |||
r-devel-linux-x86_64-fedora-gcc | 1.0.1 | 310.51 | WARN | |||
r-devel-windows-x86_64 | 1.0.1 | 40.00 | 258.00 | 298.00 | OK | |
r-patched-linux-x86_64 | 1.0.1 | 16.06 | 228.40 | 244.46 | OK | |
r-release-linux-x86_64 | 1.0.1 | 16.70 | 222.41 | 239.11 | OK | |
r-release-macos-arm64 | 1.0.1 | 91.00 | OK | |||
r-release-macos-x86_64 | 1.0.1 | 148.00 | OK | |||
r-release-windows-x86_64 | 1.0.1 | 34.00 | 247.00 | 281.00 | OK | |
r-oldrel-macos-arm64 | 1.0.1 | 91.00 | OK | |||
r-oldrel-macos-x86_64 | 1.0.1 | 169.00 | OK | |||
r-oldrel-windows-ix86+x86_64 | 1.0.1 | 41.00 | 260.00 | 301.00 | OK |
Version: 1.0.1
Check: package dependencies
Result: WARN
Requires (indirectly) orphaned package: ‘gtools’
Flavors: r-devel-linux-x86_64-fedora-clang, r-devel-linux-x86_64-fedora-gcc