Last updated on 2024-04-23 10:54:10 CEST.
Flavor | Version | Tinstall | Tcheck | Ttotal | Status | Flags |
---|---|---|---|---|---|---|
r-devel-linux-x86_64-debian-clang | 2.2.1 | 390.73 | 258.34 | 649.07 | OK | |
r-devel-linux-x86_64-debian-gcc | 2.2.1 | 320.71 | 180.18 | 500.89 | OK | |
r-devel-linux-x86_64-fedora-clang | 2.2.1 | 879.95 | OK | |||
r-devel-linux-x86_64-fedora-gcc | 2.2.1 | 937.86 | OK | |||
r-prerel-macos-arm64 | 2.2.1 | 172.00 | NOTE | |||
r-prerel-macos-x86_64 | 2.2.1 | 327.00 | NOTE | |||
r-prerel-windows-x86_64 | 2.2.1 | 322.00 | 242.00 | 564.00 | OK | |
r-patched-linux-x86_64 | 2.2.1 | 404.80 | 241.78 | 646.58 | OK | |
r-release-linux-x86_64 | 2.2.1 | 378.10 | 239.88 | 617.98 | OK | |
r-release-macos-arm64 | 2.2.1 | 183.00 | NOTE | |||
r-release-macos-x86_64 | 2.2.1 | 290.00 | NOTE | |||
r-release-windows-x86_64 | 2.2.1 | 395.00 | 302.00 | 697.00 | OK | |
r-oldrel-macos-arm64 | 2.2.1 | 182.00 | NOTE | |||
r-oldrel-windows-x86_64 | 2.2.1 | 368.00 | 262.00 | 630.00 | OK |
Version: 2.2.1
Check: installed package size
Result: NOTE
installed size is 19.5Mb
sub-directories of 1Mb or more:
libs 18.0Mb
Flavors: r-prerel-macos-arm64, r-prerel-macos-x86_64, r-release-macos-arm64, r-release-macos-x86_64, r-oldrel-macos-arm64