Last updated on 2022-08-13 11:50:13 CEST.
Flavor | Version | Tinstall | Tcheck | Ttotal | Status | Flags |
---|---|---|---|---|---|---|
r-devel-linux-x86_64-debian-clang | 3.3.3 | 7.20 | 34.41 | 41.61 | OK | |
r-devel-linux-x86_64-debian-gcc | 3.3.3 | 5.30 | 27.01 | 32.31 | OK | |
r-devel-linux-x86_64-fedora-clang | 3.3.3 | 61.61 | OK | |||
r-devel-linux-x86_64-fedora-gcc | 3.3.3 | 60.32 | OK | |||
r-devel-windows-x86_64 | 3.3.3 | 28.00 | 67.00 | 95.00 | OK | |
r-patched-linux-x86_64 | 3.3.3 | 6.48 | 33.31 | 39.79 | OK | |
r-release-linux-x86_64 | 3.3.3 | 6.18 | 33.18 | 39.36 | OK | |
r-release-macos-arm64 | 3.3.3 | 23.00 | OK | |||
r-release-macos-x86_64 | 3.3.3 | 45.00 | OK | |||
r-release-windows-x86_64 | 3.3.3 | 28.00 | 66.00 | 94.00 | OK | |
r-oldrel-macos-arm64 | 3.3.3 | 24.00 | OK | |||
r-oldrel-macos-x86_64 | 3.3.3 | 45.00 | OK | |||
r-oldrel-windows-ix86+x86_64 | 3.3.3 | 1.00 | 4.00 | 5.00 | ERROR |
Version: 3.3.3
Check: whether package can be installed
Result: ERROR
Installation failed.
Flavor: r-oldrel-windows-ix86+x86_64