CRAN Package Check Results for Package njtr1

Last updated on 2023-01-29 12:55:35 CET.

Flavor Version Tinstall Tcheck Ttotal Status Flags
r-devel-linux-x86_64-debian-clang 0.3.2 6.76 63.78 70.54 OK
r-devel-linux-x86_64-debian-gcc 0.3.2 5.51 47.48 52.99 OK
r-devel-linux-x86_64-fedora-clang 0.3.2 86.56 NOTE
r-devel-linux-x86_64-fedora-gcc 0.3.2 97.14 NOTE
r-devel-windows-x86_64 0.3.2 17.00 97.00 114.00 OK
r-patched-linux-x86_64 0.3.2 7.53 61.16 68.69 OK
r-release-linux-x86_64 0.3.2 7.54 62.35 69.89 OK
r-release-macos-arm64 0.3.2 32.00 NOTE
r-release-macos-x86_64 0.3.2 52.00 NOTE
r-release-windows-x86_64 0.3.2 12.00 95.00 107.00 OK
r-oldrel-macos-arm64 0.3.2 32.00 NOTE
r-oldrel-macos-x86_64 0.3.2 51.00 NOTE
r-oldrel-windows-ix86+x86_64 0.3.2 18.00 92.00 110.00 OK

Check Details

Version: 0.3.2
Check: data for non-ASCII characters
Result: NOTE
     Note: found 4 marked UTF-8 strings
Flavors: r-devel-linux-x86_64-fedora-clang, r-devel-linux-x86_64-fedora-gcc, r-release-macos-arm64, r-release-macos-x86_64, r-oldrel-macos-arm64, r-oldrel-macos-x86_64