Last updated on 2024-04-19 11:56:54 CEST.
Flavor | Version | Tinstall | Tcheck | Ttotal | Status | Flags |
---|---|---|---|---|---|---|
r-devel-linux-x86_64-debian-clang | 1.1.0 | 524.24 | 322.78 | 847.02 | OK | |
r-devel-linux-x86_64-debian-gcc | 1.1.0 | OK | ||||
r-devel-linux-x86_64-fedora-clang | 1.1.0 | 1208.95 | NOTE | |||
r-devel-linux-x86_64-fedora-gcc | 1.1.0 | 1156.11 | OK | |||
r-prerel-macos-arm64 | 1.1.0 | 231.00 | NOTE | |||
r-prerel-macos-x86_64 | 1.1.0 | 737.00 | NOTE | |||
r-prerel-windows-x86_64 | 1.1.0 | 458.00 | 245.00 | 703.00 | NOTE | |
r-patched-linux-x86_64 | 1.1.0 | 532.70 | 329.32 | 862.02 | OK | |
r-release-linux-x86_64 | 1.1.0 | 513.82 | 330.00 | 843.82 | OK | |
r-release-macos-arm64 | 1.1.0 | 250.00 | NOTE | |||
r-release-macos-x86_64 | 1.1.0 | 733.00 | NOTE | |||
r-release-windows-x86_64 | 1.1.0 | 573.00 | 316.00 | 889.00 | NOTE | |
r-oldrel-macos-arm64 | 1.1.0 | 220.00 | NOTE | |||
r-oldrel-windows-x86_64 | 1.1.0 | 547.00 | 273.00 | 820.00 | NOTE |
Version: 1.1.0
Check: installed package size
Result: NOTE
installed size is 25.2Mb
sub-directories of 1Mb or more:
CppCode 2.8Mb
R 7.7Mb
classic-bugs 1.6Mb
include 11.9Mb
Flavors: r-devel-linux-x86_64-fedora-clang, r-prerel-macos-arm64, r-prerel-macos-x86_64, r-prerel-windows-x86_64, r-release-macos-arm64, r-release-macos-x86_64, r-release-windows-x86_64, r-oldrel-macos-arm64, r-oldrel-windows-x86_64