CRAN Package Check Results for Package nimble

Last updated on 2022-12-05 11:51:45 CET.

Flavor Version Tinstall Tcheck Ttotal Status Flags
r-devel-linux-x86_64-debian-clang 0.13.0 249.69 269.74 519.43 OK
r-devel-linux-x86_64-debian-gcc 0.13.0 213.46 199.86 413.32 OK
r-devel-linux-x86_64-fedora-clang 0.13.0 721.40 NOTE
r-devel-linux-x86_64-fedora-gcc 0.13.0 673.39 OK
r-devel-windows-x86_64 0.13.0 795.00 304.00 1099.00 NOTE
r-patched-linux-x86_64 0.13.0 228.27 248.82 477.09 OK
r-release-linux-x86_64 0.13.0 221.60 251.22 472.82 OK
r-release-macos-arm64 0.13.0 182.00 NOTE
r-release-macos-x86_64 0.13.0 202.00 NOTE
r-release-windows-x86_64 0.13.0 762.00 274.00 1036.00 NOTE
r-oldrel-macos-arm64 0.13.0 192.00 NOTE
r-oldrel-macos-x86_64 0.13.0 201.00 NOTE
r-oldrel-windows-ix86+x86_64 0.13.0 491.00 315.00 806.00 NOTE

Check Details

Version: 0.13.0
Check: installed package size
Result: NOTE
     installed size is 16.1Mb
     sub-directories of 1Mb or more:
     CppCode 1.2Mb
     R 6.3Mb
     classic-bugs 1.6Mb
     include 5.9Mb
Flavors: r-devel-linux-x86_64-fedora-clang, r-devel-windows-x86_64, r-release-macos-arm64, r-release-macos-x86_64, r-release-windows-x86_64, r-oldrel-macos-arm64, r-oldrel-macos-x86_64, r-oldrel-windows-ix86+x86_64