CRAN Package Check Results for Package nima

Last updated on 2022-06-28 12:52:30 CEST.

Flavor Version Tinstall Tcheck Ttotal Status Flags
r-devel-linux-x86_64-debian-clang 0.6.2 7.29 65.15 72.44 NOTE
r-devel-linux-x86_64-debian-gcc 0.6.2 5.58 48.55 54.13 NOTE
r-devel-linux-x86_64-fedora-clang 0.6.2 94.66 WARN
r-devel-linux-x86_64-fedora-gcc 0.6.2 94.47 WARN
r-devel-windows-x86_64 0.6.2 21.00 89.00 110.00 NOTE
r-patched-linux-x86_64 0.6.2 5.64 61.34 66.98 NOTE
r-release-linux-x86_64 0.6.2 6.08 60.42 66.50 NOTE
r-release-macos-arm64 0.6.2 27.00 NOTE
r-release-macos-x86_64 0.6.2 46.00 NOTE
r-release-windows-x86_64 0.6.2 20.00 92.00 112.00 NOTE
r-oldrel-macos-arm64 0.6.2 31.00 NOTE
r-oldrel-macos-x86_64 0.6.2 40.00 NOTE
r-oldrel-windows-ix86+x86_64 0.6.2 17.00 84.00 101.00 NOTE

Check Details

Version: 0.6.2
Check: LazyData
Result: NOTE
     'LazyData' is specified without a 'data' directory
Flavors: r-devel-linux-x86_64-debian-clang, r-devel-linux-x86_64-debian-gcc, r-devel-linux-x86_64-fedora-clang, r-devel-linux-x86_64-fedora-gcc, r-devel-windows-x86_64, r-patched-linux-x86_64, r-release-linux-x86_64, r-release-macos-arm64, r-release-macos-x86_64, r-release-windows-x86_64, r-oldrel-macos-arm64, r-oldrel-macos-x86_64, r-oldrel-windows-ix86+x86_64

Version: 0.6.2
Check: package dependencies
Result: WARN
    Requires orphaned package: ‘gtools’
Flavors: r-devel-linux-x86_64-fedora-clang, r-devel-linux-x86_64-fedora-gcc