Last updated on 2025-04-29 12:52:43 CEST.
Flavor | Version | Tinstall | Tcheck | Ttotal | Status | Flags |
---|---|---|---|---|---|---|
r-devel-linux-x86_64-debian-clang | 0.4-2 | 2.07 | 16.34 | 18.41 | NOTE | |
r-devel-linux-x86_64-debian-gcc | 0.4-2 | 1.70 | 13.58 | 15.28 | NOTE | |
r-devel-linux-x86_64-fedora-clang | 0.4-2 | 29.13 | NOTE | |||
r-devel-linux-x86_64-fedora-gcc | 0.4-2 | 27.40 | NOTE | |||
r-patched-linux-x86_64 | 0.4-2 | 1.98 | 15.50 | 17.48 | OK | |
r-release-linux-x86_64 | 0.4-2 | 2.02 | 15.67 | 17.69 | OK | |
r-release-macos-arm64 | 0.4-2 | 16.00 | OK | |||
r-release-macos-x86_64 | 0.4-2 | 27.00 | OK | |||
r-oldrel-macos-arm64 | 0.4-2 | 14.00 | OK | |||
r-oldrel-macos-x86_64 | 0.4-2 | 20.00 | OK |
Version: 0.4-2
Check: CRAN incoming feasibility
Result: NOTE
Maintainer: ‘Charles J. Geyer <geyer@umn.edu>’
No Authors@R field in DESCRIPTION.
Please add one, modifying
Authors@R: c(person(given = c("Charles", "J."),
family = "Geyer.",
role = "aut",
email = "geyer@umn.edu"),
person(given = c("Charles", "J."),
family = "Geyer",
role = "cre",
email = "geyer@umn.edu"))
as necessary.
Flavors: r-devel-linux-x86_64-debian-clang, r-devel-linux-x86_64-debian-gcc
Version: 0.4-2
Check: compiled code
Result: NOTE
File ‘nice/libs/nice.so’:
Found no calls to: ‘R_registerRoutines’, ‘R_useDynamicSymbols’
It is good practice to register native routines and to disable symbol
search.
See ‘Writing portable packages’ in the ‘Writing R Extensions’ manual.
Flavors: r-devel-linux-x86_64-fedora-clang, r-devel-linux-x86_64-fedora-gcc