Last updated on 2024-04-19 11:56:54 CEST.
Flavor | Version | Tinstall | Tcheck | Ttotal | Status | Flags |
---|---|---|---|---|---|---|
r-devel-linux-x86_64-debian-clang | 0.1.4 | 3.39 | 53.55 | 56.94 | NOTE | |
r-devel-linux-x86_64-debian-gcc | 0.1.4 | NOTE | ||||
r-devel-linux-x86_64-fedora-clang | 0.1.4 | 73.48 | NOTE | |||
r-devel-linux-x86_64-fedora-gcc | 0.1.4 | 101.55 | NOTE | |||
r-prerel-macos-arm64 | 0.1.4 | 57.00 | NOTE | |||
r-prerel-windows-x86_64 | 0.1.4 | 6.00 | 92.00 | 98.00 | NOTE | |
r-patched-linux-x86_64 | 0.1.4 | 4.92 | 50.69 | 55.61 | NOTE | |
r-release-linux-x86_64 | 0.1.4 | 3.52 | 50.47 | 53.99 | NOTE | |
r-release-macos-arm64 | 0.1.4 | 43.00 | NOTE | |||
r-release-macos-x86_64 | 0.1.4 | 83.00 | NOTE | |||
r-release-windows-x86_64 | 0.1.4 | 6.00 | 101.00 | 107.00 | NOTE | |
r-oldrel-macos-arm64 | 0.1.4 | 36.00 | NOTE | |||
r-oldrel-windows-x86_64 | 0.1.4 | 6.00 | 89.00 | 95.00 | NOTE |
Version: 0.1.4
Check: LazyData
Result: NOTE
'LazyData' is specified without a 'data' directory
Flavors: r-devel-linux-x86_64-debian-clang, r-devel-linux-x86_64-debian-gcc, r-devel-linux-x86_64-fedora-clang, r-devel-linux-x86_64-fedora-gcc, r-prerel-macos-arm64, r-prerel-windows-x86_64, r-patched-linux-x86_64, r-release-linux-x86_64, r-release-macos-arm64, r-release-macos-x86_64, r-release-windows-x86_64, r-oldrel-macos-arm64, r-oldrel-windows-x86_64