CRAN Package Check Results for Package ngramrr

Last updated on 2022-06-28 12:52:30 CEST.

Flavor Version Tinstall Tcheck Ttotal Status Flags
r-devel-linux-x86_64-debian-clang 0.2.0 2.52 32.26 34.78 NOTE
r-devel-linux-x86_64-debian-gcc 0.2.0 2.05 25.36 27.41 NOTE
r-devel-linux-x86_64-fedora-clang 0.2.0 53.58 NOTE
r-devel-linux-x86_64-fedora-gcc 0.2.0 54.23 NOTE
r-devel-windows-x86_64 0.2.0 9.00 63.00 72.00 NOTE
r-patched-linux-x86_64 0.2.0 2.21 31.67 33.88 NOTE
r-release-linux-x86_64 0.2.0 2.57 31.99 34.56 NOTE
r-release-macos-arm64 0.2.0 20.00 NOTE
r-release-macos-x86_64 0.2.0 25.00 NOTE
r-release-windows-x86_64 0.2.0 9.00 61.00 70.00 NOTE
r-oldrel-macos-arm64 0.2.0 24.00 NOTE
r-oldrel-macos-x86_64 0.2.0 32.00 NOTE
r-oldrel-windows-ix86+x86_64 0.2.0 8.00 52.00 60.00 NOTE

Check Details

Version: 0.2.0
Check: LazyData
Result: NOTE
     'LazyData' is specified without a 'data' directory
Flavors: r-devel-linux-x86_64-debian-clang, r-devel-linux-x86_64-debian-gcc, r-devel-linux-x86_64-fedora-clang, r-devel-linux-x86_64-fedora-gcc, r-devel-windows-x86_64, r-patched-linux-x86_64, r-release-linux-x86_64, r-release-macos-arm64, r-release-macos-x86_64, r-release-windows-x86_64, r-oldrel-macos-arm64, r-oldrel-macos-x86_64, r-oldrel-windows-ix86+x86_64