CRAN Package Check Results for Package ngramrr

Last updated on 2025-05-07 11:55:36 CEST.

Flavor Version Tinstall Tcheck Ttotal Status Flags
r-devel-linux-x86_64-debian-clang 0.2.0 2.68 29.17 31.85 NOTE
r-devel-linux-x86_64-debian-gcc 0.2.0 2.46 22.85 25.31 NOTE
r-devel-linux-x86_64-fedora-clang 0.2.0 51.71 OK
r-devel-linux-x86_64-fedora-gcc 0.2.0 52.46 OK
r-devel-windows-x86_64 0.2.0 4.00 54.00 58.00 OK
r-patched-linux-x86_64 0.2.0 3.00 28.25 31.25 OK
r-release-linux-x86_64 0.2.0 2.04 28.04 30.08 OK
r-release-macos-arm64 0.2.0 24.00 OK
r-release-macos-x86_64 0.2.0 35.00 OK
r-release-windows-x86_64 0.2.0 5.00 56.00 61.00 OK
r-oldrel-macos-arm64 0.2.0 21.00 NOTE
r-oldrel-macos-x86_64 0.2.0 29.00 NOTE
r-oldrel-windows-x86_64 0.2.0 4.00 60.00 64.00 NOTE

Check Details

Version: 0.2.0
Check: CRAN incoming feasibility
Result: NOTE Maintainer: ‘Chung-hong Chan <chainsawtiney@gmail.com>’ No Authors@R field in DESCRIPTION. Please add one, modifying Authors@R: person(given = "Chung-hong", family = "Chan", role = c("aut", "cre"), email = "chainsawtiney@gmail.com") as necessary. Flavors: r-devel-linux-x86_64-debian-clang, r-devel-linux-x86_64-debian-gcc

Version: 0.2.0
Check: LazyData
Result: NOTE 'LazyData' is specified without a 'data' directory Flavors: r-oldrel-macos-arm64, r-oldrel-macos-x86_64, r-oldrel-windows-x86_64