CRAN Package Check Results for Package nflreadr

Last updated on 2022-07-02 12:53:09 CEST.

Flavor Version Tinstall Tcheck Ttotal Status Flags
r-devel-linux-x86_64-debian-clang 1.2.0 5.20 54.08 59.28 OK
r-devel-linux-x86_64-debian-gcc 1.2.0 3.66 41.59 45.25 OK
r-devel-linux-x86_64-fedora-clang 1.2.0 81.74 NOTE
r-devel-linux-x86_64-fedora-gcc 1.2.0 82.43 NOTE
r-devel-windows-x86_64 1.2.0 89.00 134.00 223.00 OK
r-patched-linux-x86_64 1.2.0 4.99 52.31 57.30 OK
r-release-linux-x86_64 1.2.0 3.56 53.11 56.67 OK
r-release-macos-arm64 1.2.0 32.00 NOTE
r-release-macos-x86_64 1.2.0 49.00 NOTE
r-release-windows-x86_64 1.2.0 57.00 128.00 185.00 OK
r-oldrel-macos-arm64 1.2.0 39.00 NOTE
r-oldrel-macos-x86_64 1.2.0 73.00 NOTE
r-oldrel-windows-ix86+x86_64 1.2.0 12.00 107.00 119.00 OK

Check Details

Version: 1.2.0
Check: dependencies in R code
Result: NOTE
    Namespaces in Imports field not imported from:
     ‘curl’ ‘qs’
     All declared Imports should be used.
Flavors: r-devel-linux-x86_64-fedora-clang, r-devel-linux-x86_64-fedora-gcc, r-release-macos-arm64, r-release-macos-x86_64, r-oldrel-macos-arm64, r-oldrel-macos-x86_64

Version: 1.2.0
Check: Rd cross-references
Result: NOTE
    Undeclared package ‘yaml’ in Rd xrefs
Flavor: r-devel-linux-x86_64-fedora-clang