CRAN Package Check Results for Package nflplotR

Last updated on 2025-10-23 12:50:07 CEST.

Flavor Version Tinstall Tcheck Ttotal Status Flags
r-devel-linux-x86_64-debian-clang 1.5.0 8.49 73.77 82.26 OK
r-devel-linux-x86_64-debian-gcc 1.5.0 5.81 50.92 56.73 NOTE
r-devel-linux-x86_64-fedora-clang 1.5.0 50.00 74.92 124.92 NOTE
r-devel-linux-x86_64-fedora-gcc 1.5.0 38.00 80.86 118.86 NOTE
r-devel-windows-x86_64 1.5.0 11.00 86.00 97.00 OK
r-patched-linux-x86_64 1.5.0 8.58 66.46 75.04 OK
r-release-linux-x86_64 1.5.0 7.45 65.02 72.47 OK
r-release-macos-arm64 1.5.0 5.00 35.00 40.00 OK
r-release-macos-x86_64 1.5.0 9.00 65.00 74.00 OK
r-release-windows-x86_64 1.5.0 13.00 86.00 99.00 OK
r-oldrel-macos-arm64 1.5.0 5.00 40.00 45.00 OK
r-oldrel-macos-x86_64 1.5.0 9.00 72.00 81.00 OK
r-oldrel-windows-x86_64 1.5.0 14.00 100.00 114.00 OK

Check Details

Version: 1.5.0
Check: Rd files
Result: NOTE checkRd: (-1) gt_nfl_cols_label.Rd:38: height/width attributes should be in pixels checkRd: (-1) gt_nfl_headshots.Rd:34: height/width attributes should be in pixels checkRd: (-1) gt_nfl_logos.Rd:37: height/width attributes should be in pixels Flavors: r-devel-linux-x86_64-debian-gcc, r-devel-linux-x86_64-fedora-clang, r-devel-linux-x86_64-fedora-gcc