Last updated on 2024-04-19 11:56:54 CEST.
Flavor | Version | Tinstall | Tcheck | Ttotal | Status | Flags |
---|---|---|---|---|---|---|
r-devel-linux-x86_64-debian-clang | 0.8.3 | 8.84 | 117.78 | 126.62 | OK | |
r-devel-linux-x86_64-debian-gcc | 0.8.3 | OK | ||||
r-devel-linux-x86_64-fedora-clang | 0.8.3 | 155.59 | NOTE | |||
r-devel-linux-x86_64-fedora-gcc | 0.8.3 | 156.61 | NOTE | |||
r-prerel-macos-arm64 | 0.8.3 | 45.00 | OK | |||
r-prerel-windows-x86_64 | 0.8.3 | 9.00 | 98.00 | 107.00 | OK | |
r-patched-linux-x86_64 | 0.8.3 | 8.83 | 111.95 | 120.78 | OK | |
r-release-linux-x86_64 | 0.8.3 | 9.44 | 112.71 | 122.15 | OK | |
r-release-macos-arm64 | 0.8.3 | 43.00 | OK | |||
r-release-macos-x86_64 | 0.8.3 | 118.00 | OK | |||
r-release-windows-x86_64 | 0.8.3 | 13.00 | 119.00 | 132.00 | OK | |
r-oldrel-macos-arm64 | 0.8.3 | 49.00 | OK | |||
r-oldrel-windows-x86_64 | 0.8.3 | 13.00 | 122.00 | 135.00 | OK |
Version: 0.8.3
Check: data for non-ASCII characters
Result: NOTE
Note: found 4894 marked UTF-8 strings
Flavors: r-devel-linux-x86_64-fedora-clang, r-devel-linux-x86_64-fedora-gcc