CRAN Package Check Results for Package neurocInstall

Last updated on 2024-04-15 11:56:29 CEST.

Flavor Version Tinstall Tcheck Ttotal Status Flags
r-devel-linux-x86_64-debian-clang 0.12.0 7.75 78.04 85.79 NOTE
r-devel-linux-x86_64-debian-gcc 0.12.0 6.52 56.97 63.49 NOTE
r-devel-linux-x86_64-fedora-clang 0.12.0 108.92 NOTE
r-devel-linux-x86_64-fedora-gcc 0.12.0 115.68 NOTE
r-prerel-macos-arm64 0.12.0 51.00 NOTE
r-prerel-windows-x86_64 0.12.0 8.00 76.00 84.00 NOTE
r-patched-linux-x86_64 0.12.0 4.99 73.97 78.96 NOTE
r-release-linux-x86_64 0.12.0 5.21 73.89 79.10 NOTE
r-release-macos-arm64 0.12.0 42.00 NOTE
r-release-macos-x86_64 0.12.0 68.00 NOTE
r-release-windows-x86_64 0.12.0 10.00 84.00 94.00 NOTE
r-oldrel-macos-arm64 0.12.0 28.00 NOTE
r-oldrel-windows-x86_64 0.12.0 11.00 88.00 99.00 NOTE

Additional issues

donttest

Check Details

Version: 0.12.0
Check: LazyData
Result: NOTE 'LazyData' is specified without a 'data' directory Flavors: r-devel-linux-x86_64-debian-clang, r-devel-linux-x86_64-debian-gcc, r-devel-linux-x86_64-fedora-clang, r-devel-linux-x86_64-fedora-gcc, r-prerel-macos-arm64, r-prerel-windows-x86_64, r-patched-linux-x86_64, r-release-linux-x86_64, r-release-macos-arm64, r-release-macos-x86_64, r-release-windows-x86_64, r-oldrel-macos-arm64, r-oldrel-windows-x86_64