Last updated on 2024-04-23 10:54:10 CEST.
Flavor | Version | Tinstall | Tcheck | Ttotal | Status | Flags |
---|---|---|---|---|---|---|
r-devel-linux-x86_64-debian-clang | 2023.9.3 | 2.20 | 18.28 | 20.48 | OK | |
r-devel-linux-x86_64-debian-gcc | 2023.9.3 | 1.17 | 14.44 | 15.61 | OK | |
r-devel-linux-x86_64-fedora-clang | 2023.9.3 | 25.37 | NOTE | |||
r-devel-linux-x86_64-fedora-gcc | 2023.9.3 | 24.83 | OK | |||
r-prerel-macos-arm64 | 2023.9.3 | 14.00 | NOTE | |||
r-prerel-windows-x86_64 | 2023.9.3 | 3.00 | 33.00 | 36.00 | NOTE | |
r-patched-linux-x86_64 | 2023.9.3 | 1.80 | 18.15 | 19.95 | OK | |
r-release-linux-x86_64 | 2023.9.3 | 1.50 | 17.52 | 19.02 | OK | |
r-release-macos-arm64 | 2023.9.3 | 17.00 | NOTE | |||
r-release-macos-x86_64 | 2023.9.3 | 28.00 | NOTE | |||
r-release-windows-x86_64 | 2023.9.3 | 5.00 | 32.00 | 37.00 | NOTE | |
r-oldrel-macos-arm64 | 2023.9.3 | 19.00 | NOTE | |||
r-oldrel-windows-x86_64 | 2023.9.3 | 9.00 | 30.00 | 39.00 | NOTE |
Version: 2023.9.3
Check: installed package size
Result: NOTE
installed size is 7.9Mb
sub-directories of 1Mb or more:
data 7.8Mb
Flavors: r-devel-linux-x86_64-fedora-clang, r-prerel-macos-arm64, r-prerel-windows-x86_64, r-release-macos-arm64, r-release-macos-x86_64, r-release-windows-x86_64, r-oldrel-macos-arm64, r-oldrel-windows-x86_64