CRAN Package Check Results for Package neuroblastoma

Last updated on 2022-08-07 09:54:04 CEST.

Flavor Version Tinstall Tcheck Ttotal Status Flags
r-devel-linux-x86_64-debian-clang 1.0 1.91 17.39 19.30 OK
r-devel-linux-x86_64-debian-gcc 1.0 1.59 13.83 15.42 OK
r-devel-linux-x86_64-fedora-clang 1.0 34.56 NOTE
r-devel-linux-x86_64-fedora-gcc 1.0 34.30 OK
r-devel-windows-x86_64 1.0 10.00 41.00 51.00 NOTE
r-patched-linux-x86_64 1.0 1.54 16.93 18.47 OK
r-release-linux-x86_64 1.0 2.22 17.11 19.33 OK
r-release-macos-arm64 1.0 13.00 NOTE
r-release-macos-x86_64 1.0 20.00 NOTE
r-release-windows-x86_64 1.0 4.00 38.00 42.00 NOTE
r-oldrel-macos-arm64 1.0 19.00 NOTE
r-oldrel-macos-x86_64 1.0 25.00 NOTE
r-oldrel-windows-ix86+x86_64 1.0 4.00 21.00 25.00 NOTE

Check Details

Version: 1.0
Check: installed package size
Result: NOTE
     installed size is 7.7Mb
     sub-directories of 1Mb or more:
     data 7.6Mb
Flavors: r-devel-linux-x86_64-fedora-clang, r-devel-windows-x86_64, r-release-macos-arm64, r-release-macos-x86_64, r-release-windows-x86_64, r-oldrel-macos-arm64, r-oldrel-macos-x86_64, r-oldrel-windows-ix86+x86_64