Last updated on 2025-04-29 12:52:42 CEST.
Flavor | Version | Tinstall | Tcheck | Ttotal | Status | Flags |
---|---|---|---|---|---|---|
r-devel-linux-x86_64-debian-clang | 3.2-0 | 38.87 | 350.48 | 389.35 | NOTE | |
r-devel-linux-x86_64-debian-gcc | 3.2-0 | 24.78 | 215.71 | 240.49 | NOTE | |
r-devel-linux-x86_64-fedora-clang | 3.2-0 | 652.97 | OK | |||
r-devel-linux-x86_64-fedora-gcc | 3.2-0 | 588.13 | OK | |||
r-devel-windows-x86_64 | 3.2-0 | 36.00 | 366.00 | 402.00 | OK | |
r-patched-linux-x86_64 | 3.2-0 | 39.38 | 327.28 | 366.66 | OK | |
r-release-linux-x86_64 | 3.2-0 | 37.14 | 324.92 | 362.06 | OK | |
r-release-macos-arm64 | 3.2-0 | 134.00 | OK | |||
r-release-macos-x86_64 | 3.2-0 | 364.00 | OK | |||
r-release-windows-x86_64 | 3.2-0 | 42.00 | 358.00 | 400.00 | OK | |
r-oldrel-macos-arm64 | 3.2-0 | 145.00 | OK | |||
r-oldrel-macos-x86_64 | 3.2-0 | 372.00 | OK | |||
r-oldrel-windows-x86_64 | 3.2-0 | 50.00 | 484.00 | 534.00 | OK |
Version: 3.2-0
Check: examples
Result: NOTE
Examples with CPU (user + system) or elapsed time > 5s
user system elapsed
netpairwise 7.426 0.115 8.636
netmeasures 7.222 0.048 8.555
plot.rankogram 6.938 0.008 8.601
netmeta 6.810 0.079 7.594
netmatrix 6.573 0.083 8.702
netdistance 6.538 0.009 9.432
netgraph.netmeta 6.435 0.012 8.374
netimpact 5.489 0.076 7.136
netcomplex 5.271 0.111 7.989
netcomb 5.315 0.036 6.469
rankogram.netmeta 5.166 0.047 5.813
netgraph.netcomb 4.938 0.200 6.528
netcomparison 4.923 0.039 6.409
netheat 4.835 0.000 6.000
nettable 4.372 0.071 5.143
rankogram.default 4.315 0.047 5.188
netleague 4.241 0.071 5.329
Flavor: r-devel-linux-x86_64-debian-clang
Version: 3.2-0
Check: examples
Result: NOTE
Examples with CPU (user + system) or elapsed time > 5s
user system elapsed
netpairwise 4.368 0.166 5.601
netmeasures 4.060 0.095 5.123
Flavor: r-devel-linux-x86_64-debian-gcc