Last updated on 2022-06-25 10:53:09 CEST.
Flavor | Version | Tinstall | Tcheck | Ttotal | Status | Flags |
---|---|---|---|---|---|---|
r-devel-linux-x86_64-debian-clang | 4.0.3 | 74.14 | 294.23 | 368.37 | WARN | |
r-devel-linux-x86_64-debian-gcc | 4.0.3 | 63.96 | 223.30 | 287.26 | OK | |
r-devel-linux-x86_64-fedora-clang | 4.0.3 | 470.23 | WARN | |||
r-devel-linux-x86_64-fedora-gcc | 4.0.3 | 469.08 | OK | |||
r-devel-windows-x86_64 | 4.0.3 | 83.00 | 318.00 | 401.00 | OK | |
r-patched-linux-x86_64 | 4.0.3 | 76.82 | 283.25 | 360.07 | OK | |
r-release-linux-x86_64 | 4.0.3 | 73.80 | 282.05 | 355.85 | OK | |
r-release-macos-arm64 | 4.0.3 | 117.00 | NOTE | |||
r-release-macos-x86_64 | 4.0.3 | 195.00 | NOTE | |||
r-release-windows-x86_64 | 4.0.3 | 72.00 | 323.00 | 395.00 | OK | |
r-oldrel-macos-arm64 | 4.0.3 | 106.00 | NOTE | |||
r-oldrel-macos-x86_64 | 4.0.3 | 151.00 | NOTE | |||
r-oldrel-windows-ix86+x86_64 | 4.0.3 | 171.00 | 394.00 | 565.00 | NOTE |
Version: 4.0.3
Check: whether package can be installed
Result: WARN
Found the following significant warnings:
rcpp_lin_alg.cpp:9:8: warning: use of bitwise '|' with boolean operands [-Wbitwise-instead-of-logical]
rcpp_lin_alg.cpp:9:35: warning: use of bitwise '&' with boolean operands [-Wbitwise-instead-of-logical]
rcpp_lin_alg.cpp:30:8: warning: use of bitwise '|' with boolean operands [-Wbitwise-instead-of-logical]
rcpp_lin_alg.cpp:48:8: warning: use of bitwise '|' with boolean operands [-Wbitwise-instead-of-logical]
rcpp_lin_alg.cpp:48:35: warning: use of bitwise '&' with boolean operands [-Wbitwise-instead-of-logical]
Flavors: r-devel-linux-x86_64-debian-clang, r-devel-linux-x86_64-fedora-clang
Version: 4.0.3
Check: package dependencies
Result: NOTE
Imports includes 21 non-default packages.
Importing from so many packages makes the package vulnerable to any of
them becoming unavailable. Move as many as possible to Suggests and
use conditionally.
Flavor: r-devel-linux-x86_64-fedora-clang
Version: 4.0.3
Check: installed package size
Result: NOTE
installed size is 20.2Mb
sub-directories of 1Mb or more:
doc 2.8Mb
libs 16.5Mb
Flavors: r-devel-linux-x86_64-fedora-clang, r-release-macos-arm64, r-release-macos-x86_64, r-oldrel-macos-arm64, r-oldrel-macos-x86_64, r-oldrel-windows-ix86+x86_64
Version: 4.0.3
Check: package dependencies
Result: NOTE
Package suggested but not available for checking: ‘ndexr’
Flavor: r-release-macos-arm64