Last updated on 2025-05-12 13:50:20 CEST.
Flavor | Version | Tinstall | Tcheck | Ttotal | Status | Flags |
---|---|---|---|---|---|---|
r-devel-linux-x86_64-debian-clang | 0.1 | 24.68 | 58.23 | 82.91 | NOTE | |
r-devel-linux-x86_64-debian-gcc | 0.1 | 17.06 | 43.99 | 61.05 | NOTE | |
r-devel-linux-x86_64-fedora-clang | 0.1 | 138.30 | NOTE | |||
r-devel-linux-x86_64-fedora-gcc | 0.1 | 141.15 | NOTE | |||
r-devel-windows-x86_64 | 0.1 | 29.00 | 88.00 | 117.00 | NOTE | |
r-patched-linux-x86_64 | 0.1 | 24.03 | 55.23 | 79.26 | NOTE | |
r-release-linux-x86_64 | 0.1 | 23.08 | 55.23 | 78.31 | NOTE | |
r-release-macos-arm64 | 0.1 | 39.00 | NOTE | |||
r-release-macos-x86_64 | 0.1 | 100.00 | NOTE | |||
r-release-windows-x86_64 | 0.1 | 32.00 | 90.00 | 122.00 | NOTE | |
r-oldrel-macos-arm64 | 0.1 | 38.00 | NOTE | |||
r-oldrel-macos-x86_64 | 0.1 | 69.00 | NOTE | |||
r-oldrel-windows-x86_64 | 0.1 | 35.00 | 111.00 | 146.00 | NOTE |
Version: 0.1
Check: CRAN incoming feasibility
Result: NOTE
Maintainer: ‘Teague R. Henry <trhenry@email.unc.edu>’
No Authors@R field in DESCRIPTION.
Please add one, modifying
Authors@R: person(given = c("Teague", "R."),
family = "Henry",
role = c("aut", "cre"),
email = "trhenry@email.unc.edu")
as necessary.
Flavors: r-devel-linux-x86_64-debian-clang, r-devel-linux-x86_64-debian-gcc
Version: 0.1
Check: C++ specification
Result: NOTE
Specified C++11: please drop specification unless essential
Flavors: r-devel-linux-x86_64-debian-clang, r-devel-linux-x86_64-debian-gcc, r-devel-linux-x86_64-fedora-clang, r-devel-linux-x86_64-fedora-gcc, r-devel-windows-x86_64, r-patched-linux-x86_64, r-release-linux-x86_64, r-release-macos-arm64, r-release-macos-x86_64, r-release-windows-x86_64, r-oldrel-macos-arm64, r-oldrel-macos-x86_64, r-oldrel-windows-x86_64